Last updated on 2020-02-15 01:01:23 CET.
Flavor | Version | Tinstall | Tcheck | Ttotal | Status | Flags |
---|---|---|---|---|---|---|
r-devel-linux-x86_64-debian-clang | 1.6-4 | 12.05 | 162.01 | 174.06 | OK | |
r-devel-linux-x86_64-debian-gcc | 1.6-4 | 10.33 | 137.68 | 148.01 | OK | |
r-devel-linux-x86_64-fedora-clang | 1.6-4 | 235.86 | NOTE | |||
r-devel-linux-x86_64-fedora-gcc | 1.6-4 | 236.45 | NOTE | |||
r-devel-windows-ix86+x86_64 | 1.6-4 | 23.00 | 199.00 | 222.00 | OK | |
r-devel-windows-ix86+x86_64-gcc8 | 1.6-4 | 34.00 | 239.00 | 273.00 | OK | |
r-patched-linux-x86_64 | 1.6-4 | 12.19 | 182.52 | 194.71 | OK | |
r-patched-solaris-x86 | 1.6-4 | 285.40 | NOTE | |||
r-release-linux-x86_64 | 1.6-4 | 9.87 | 180.03 | 189.90 | OK | |
r-release-windows-ix86+x86_64 | 1.6-4 | 17.00 | 161.00 | 178.00 | OK | |
r-release-osx-x86_64 | 1.6-4 | NOTE | ||||
r-oldrel-windows-ix86+x86_64 | 1.6-4 | 13.00 | 160.00 | 173.00 | OK | |
r-oldrel-osx-x86_64 | 1.6-4 | NOTE |
Version: 1.6-4
Check: dependencies in R code
Result: NOTE
Namespaces in Imports field not imported from:
‘SPECIES’ ‘ade4’
All declared Imports should be used.
Flavors: r-devel-linux-x86_64-fedora-clang, r-devel-linux-x86_64-fedora-gcc, r-patched-solaris-x86, r-release-osx-x86_64, r-oldrel-osx-x86_64