Last updated on 2020-02-15 01:01:23 CET.
Flavor | Version | Tinstall | Tcheck | Ttotal | Status | Flags |
---|---|---|---|---|---|---|
r-devel-linux-x86_64-debian-clang | 1.1.0 | 14.94 | 100.14 | 115.08 | OK | |
r-devel-linux-x86_64-debian-gcc | 1.1.0 | 13.34 | 77.10 | 90.44 | OK | |
r-devel-linux-x86_64-fedora-clang | 1.1.0 | 144.00 | OK | |||
r-devel-linux-x86_64-fedora-gcc | 1.1.0 | 134.88 | NOTE | |||
r-devel-windows-ix86+x86_64 | 1.1.0 | 32.00 | 140.00 | 172.00 | OK | |
r-devel-windows-ix86+x86_64-gcc8 | 1.1.0 | 46.00 | 175.00 | 221.00 | NOTE | |
r-patched-linux-x86_64 | 1.1.0 | 11.20 | 87.53 | 98.73 | OK | |
r-patched-solaris-x86 | 1.1.0 | 174.90 | NOTE | |||
r-release-linux-x86_64 | 1.1.0 | 13.71 | 86.40 | 100.11 | OK | |
r-release-windows-ix86+x86_64 | 1.1.0 | 29.00 | 125.00 | 154.00 | OK | |
r-release-osx-x86_64 | 1.1.0 | NOTE | ||||
r-oldrel-windows-ix86+x86_64 | 1.1.0 | 20.00 | 181.00 | 201.00 | OK | |
r-oldrel-osx-x86_64 | 1.1.0 | NOTE |
Version: 1.1.0
Check: package dependencies
Result: NOTE
Package suggested but not available for checking: ‘mzR’
Flavors: r-devel-linux-x86_64-fedora-gcc, r-devel-windows-ix86+x86_64-gcc8, r-patched-solaris-x86, r-release-osx-x86_64, r-oldrel-osx-x86_64