Last updated on 2020-02-15 01:01:23 CET.
Flavor | Version | Tinstall | Tcheck | Ttotal | Status | Flags |
---|---|---|---|---|---|---|
r-devel-linux-x86_64-debian-clang | 1.1.0 | 8.60 | 397.06 | 405.66 | OK | |
r-devel-linux-x86_64-debian-gcc | 1.1.0 | 7.21 | 315.78 | 322.99 | OK | |
r-devel-linux-x86_64-fedora-clang | 1.1.0 | 505.74 | OK | |||
r-devel-linux-x86_64-fedora-gcc | 1.1.0 | 407.33 | OK | |||
r-devel-windows-ix86+x86_64 | 1.1.0 | 18.00 | 370.00 | 388.00 | OK | |
r-devel-windows-ix86+x86_64-gcc8 | 1.1.0 | 26.00 | 463.00 | 489.00 | OK | |
r-patched-linux-x86_64 | 1.1.0 | 8.29 | 361.11 | 369.40 | OK | |
r-patched-solaris-x86 | 1.1.0 | 957.30 | OK | |||
r-release-linux-x86_64 | 1.1.0 | 7.41 | 536.86 | 544.27 | OK | |
r-release-windows-ix86+x86_64 | 1.1.0 | 14.00 | 259.00 | 273.00 | OK | |
r-release-osx-x86_64 | 1.1.0 | OK | ||||
r-oldrel-windows-ix86+x86_64 | 1.0.3 | 9.00 | 256.00 | 265.00 | OK | |
r-oldrel-osx-x86_64 | 1.1.0 | ERROR |
Version: 1.1.0
Check: whether package can be installed
Result: ERROR
Installation failed.
Flavor: r-oldrel-osx-x86_64