CRAN Package Check Results for Package exuber

Last updated on 2020-02-15 01:01:23 CET.

Flavor Version Tinstall Tcheck Ttotal Status Flags
r-devel-linux-x86_64-debian-clang 0.3.0 37.70 162.47 200.17 OK
r-devel-linux-x86_64-debian-gcc 0.3.0 25.86 133.12 158.98 OK
r-devel-linux-x86_64-fedora-clang 0.3.0 239.73 OK
r-devel-linux-x86_64-fedora-gcc 0.3.0 249.11 OK
r-devel-windows-ix86+x86_64 0.3.0 84.00 253.00 337.00 OK
r-devel-windows-ix86+x86_64-gcc8 0.3.0 115.00 318.00 433.00 NOTE
r-patched-linux-x86_64 0.3.0 31.22 158.66 189.88 OK
r-patched-solaris-x86 0.3.0 311.10 OK
r-release-linux-x86_64 0.3.0 28.20 155.67 183.87 OK
r-release-windows-ix86+x86_64 0.3.0 62.00 222.00 284.00 OK
r-release-osx-x86_64 0.3.0 OK
r-oldrel-windows-ix86+x86_64 0.3.0 67.00 225.00 292.00 OK
r-oldrel-osx-x86_64 0.3.0 OK

Check Details

Version: 0.3.0
Check: installed package size
Result: NOTE
     installed size is 5.1Mb
     sub-directories of 1Mb or more:
     data 2.5Mb
     libs 2.1Mb
Flavor: r-devel-windows-ix86+x86_64-gcc8