Last updated on 2020-02-15 01:01:24 CET.
Flavor | Version | Tinstall | Tcheck | Ttotal | Status | Flags |
---|---|---|---|---|---|---|
r-devel-linux-x86_64-debian-clang | 2.2.4 | 40.96 | 113.20 | 154.16 | NOTE | |
r-devel-linux-x86_64-debian-gcc | 2.2.4 | 29.56 | 83.41 | 112.97 | NOTE | |
r-devel-linux-x86_64-fedora-clang | 2.2.4 | 198.18 | WARN | |||
r-devel-linux-x86_64-fedora-gcc | 2.2.4 | 181.88 | NOTE | |||
r-devel-windows-ix86+x86_64 | 2.2.4 | 100.00 | 175.00 | 275.00 | NOTE | |
r-devel-windows-ix86+x86_64-gcc8 | 2.2.4 | 129.00 | 230.00 | 359.00 | NOTE | |
r-patched-linux-x86_64 | 2.2.4 | 32.89 | 97.13 | 130.02 | NOTE | |
r-patched-solaris-x86 | 2.2.4 | 205.70 | NOTE | |||
r-release-linux-x86_64 | 2.2.4 | 34.01 | 96.79 | 130.80 | NOTE | |
r-release-windows-ix86+x86_64 | 2.2.4 | 74.00 | 152.00 | 226.00 | NOTE | |
r-release-osx-x86_64 | 2.2.4 | NOTE | ||||
r-oldrel-windows-ix86+x86_64 | 2.2.4 | 60.00 | 145.00 | 205.00 | OK | |
r-oldrel-osx-x86_64 | 2.2.4 | OK |
Version: 2.2.4
Check: line endings in C/C++/Fortran sources/headers
Result: NOTE
Found the following sources/headers with CR or CRLF line endings:
inst/include/fDMA.h
Some Unix compilers require LF line endings.
Flavors: r-devel-linux-x86_64-debian-clang, r-devel-linux-x86_64-debian-gcc, r-devel-linux-x86_64-fedora-clang, r-devel-linux-x86_64-fedora-gcc, r-devel-windows-ix86+x86_64, r-devel-windows-ix86+x86_64-gcc8, r-patched-linux-x86_64, r-patched-solaris-x86, r-release-linux-x86_64, r-release-windows-ix86+x86_64, r-release-osx-x86_64
Version: 2.2.4
Check: package dependencies
Result: WARN
Requires orphaned package: ‘gplots’
Flavor: r-devel-linux-x86_64-fedora-clang