Last updated on 2020-02-15 01:01:24 CET.
Flavor | Version | Tinstall | Tcheck | Ttotal | Status | Flags |
---|---|---|---|---|---|---|
r-devel-linux-x86_64-debian-clang | 3042.86 | 8.87 | 60.07 | 68.94 | OK | |
r-devel-linux-x86_64-debian-gcc | 3042.86 | 7.90 | 45.74 | 53.64 | OK | |
r-devel-linux-x86_64-fedora-clang | 3042.86 | 84.14 | NOTE | |||
r-devel-linux-x86_64-fedora-gcc | 3042.86 | 81.24 | NOTE | |||
r-devel-windows-ix86+x86_64 | 3042.86 | 21.00 | 98.00 | 119.00 | OK | |
r-devel-windows-ix86+x86_64-gcc8 | 3042.86 | 26.00 | 123.00 | 149.00 | OK | |
r-patched-linux-x86_64 | 3042.86 | 7.86 | 53.77 | 61.63 | OK | |
r-patched-solaris-x86 | 3042.86 | 110.20 | OK | |||
r-release-linux-x86_64 | 3042.86 | 9.33 | 53.10 | 62.43 | OK | |
r-release-windows-ix86+x86_64 | 3042.86 | 15.00 | 80.00 | 95.00 | OK | |
r-release-osx-x86_64 | 3042.86 | OK | ||||
r-oldrel-windows-ix86+x86_64 | 3042.86 | 13.00 | 85.00 | 98.00 | OK | |
r-oldrel-osx-x86_64 | 3042.86 | OK |
Version: 3042.86
Check: compiled code
Result: NOTE
File ‘fOptions/libs/fOptions.so’:
Found no calls to: ‘R_registerRoutines’, ‘R_useDynamicSymbols’
It is good practice to register native routines and to disable symbol
search.
See ‘Writing portable packages’ in the ‘Writing R Extensions’ manual.
Flavors: r-devel-linux-x86_64-fedora-clang, r-devel-linux-x86_64-fedora-gcc