CRAN Package Check Results for Package fable

Last updated on 2020-02-15 01:01:24 CET.

Flavor Version Tinstall Tcheck Ttotal Status Flags
r-devel-linux-x86_64-debian-clang 0.1.2 26.79 184.97 211.76 OK
r-devel-linux-x86_64-debian-gcc 0.1.2 19.29 133.79 153.08 OK
r-devel-linux-x86_64-fedora-clang 0.1.2 264.23 OK
r-devel-linux-x86_64-fedora-gcc 0.1.2 248.10 OK
r-devel-windows-ix86+x86_64 0.1.2 66.00 351.00 417.00 OK
r-devel-windows-ix86+x86_64-gcc8 0.1.1 86.00 430.00 516.00 OK
r-patched-linux-x86_64 0.1.2 22.21 161.76 183.97 OK
r-patched-solaris-x86 0.1.2 286.00 OK
r-release-linux-x86_64 0.1.2 24.95 163.20 188.15 OK
r-release-windows-ix86+x86_64 0.1.2 60.00 311.00 371.00 OK
r-release-osx-x86_64 0.1.2 OK
r-oldrel-windows-ix86+x86_64 0.1.2 43.00 298.00 341.00 WARN
r-oldrel-osx-x86_64 0.1.2 OK

Check Details

Version: 0.1.2
Check: whether package can be installed
Result: WARN
    Found the following significant warnings:
     Warning: unable to re-encode 'arima.R' lines 417, 421, 423
Flavor: r-oldrel-windows-ix86+x86_64