Last updated on 2020-02-15 01:01:24 CET.
Flavor | Version | Tinstall | Tcheck | Ttotal | Status | Flags |
---|---|---|---|---|---|---|
r-devel-linux-x86_64-debian-clang | 1.2.1 | 14.87 | 130.46 | 145.33 | NOTE | |
r-devel-linux-x86_64-debian-gcc | 1.2.1 | 13.27 | 100.03 | 113.30 | NOTE | |
r-devel-linux-x86_64-fedora-clang | 1.2.1 | 158.72 | NOTE | |||
r-devel-linux-x86_64-fedora-gcc | 1.2.1 | 153.52 | NOTE | |||
r-devel-windows-ix86+x86_64 | 1.2.1 | 40.00 | 162.00 | 202.00 | OK | |
r-devel-windows-ix86+x86_64-gcc8 | 1.2.1 | 67.00 | 211.00 | 278.00 | OK | |
r-patched-linux-x86_64 | 1.2.1 | 12.52 | 113.22 | 125.74 | NOTE | |
r-patched-solaris-x86 | 1.2.1 | 231.30 | NOTE | |||
r-release-linux-x86_64 | 1.2.1 | 12.46 | 113.81 | 126.27 | NOTE | |
r-release-windows-ix86+x86_64 | 1.2.1 | 44.00 | 148.00 | 192.00 | OK | |
r-release-osx-x86_64 | 1.2.1 | OK | ||||
r-oldrel-windows-ix86+x86_64 | 1.2.1 | 27.00 | 124.00 | 151.00 | OK | |
r-oldrel-osx-x86_64 | 1.2.1 | WARN |
Version: 1.2.1
Check: package dependencies
Result: NOTE
Package suggested but not available for checking: 'DAAG'
Flavors: r-devel-linux-x86_64-debian-clang, r-devel-linux-x86_64-debian-gcc, r-devel-linux-x86_64-fedora-clang, r-devel-linux-x86_64-fedora-gcc, r-patched-linux-x86_64, r-patched-solaris-x86, r-release-linux-x86_64
Version: 1.2.1
Check: whether package can be installed
Result: WARN
Found the following significant warnings:
Warning: package ‘dplyr’ was built under R version 3.5.1
Flavor: r-oldrel-osx-x86_64