CRAN Package Check Results for Package fclust

Last updated on 2020-02-15 01:01:24 CET.

Flavor Version Tinstall Tcheck Ttotal Status Flags
r-devel-linux-x86_64-debian-clang 2.1.1 152.41 70.77 223.18 OK
r-devel-linux-x86_64-debian-gcc 2.1.1 108.10 51.07 159.17 OK
r-devel-linux-x86_64-fedora-clang 2.1.1 297.35 NOTE
r-devel-linux-x86_64-fedora-gcc 2.1.1 292.43 OK
r-devel-windows-ix86+x86_64 2.1.1 256.00 121.00 377.00 OK
r-devel-windows-ix86+x86_64-gcc8 2.1.1 366.00 157.00 523.00 OK
r-patched-linux-x86_64 2.1.1 118.47 63.78 182.25 OK
r-patched-solaris-x86 2.1.1 265.10 OK
r-release-linux-x86_64 2.1.1 120.99 63.77 184.76 OK
r-release-windows-ix86+x86_64 2.1.1 225.00 107.00 332.00 OK
r-release-osx-x86_64 2.1.1 NOTE
r-oldrel-windows-ix86+x86_64 2.1.1 200.00 134.00 334.00 OK
r-oldrel-osx-x86_64 2.1.1 NOTE

Check Details

Version: 2.1.1
Check: installed package size
Result: NOTE
     installed size is 10.8Mb
     sub-directories of 1Mb or more:
     libs 10.2Mb
Flavors: r-devel-linux-x86_64-fedora-clang, r-release-osx-x86_64, r-oldrel-osx-x86_64