Last updated on 2020-02-15 01:01:24 CET.
Flavor | Version | Tinstall | Tcheck | Ttotal | Status | Flags |
---|---|---|---|---|---|---|
r-devel-linux-x86_64-debian-clang | 2.0.1 | 42.39 | 213.19 | 255.58 | WARN | |
r-devel-linux-x86_64-debian-gcc | 2.0.1 | 37.34 | 157.71 | 195.05 | WARN | |
r-devel-linux-x86_64-fedora-clang | 2.0.1 | 301.22 | WARN | |||
r-devel-linux-x86_64-fedora-gcc | 2.0.1 | 305.43 | WARN | |||
r-devel-windows-ix86+x86_64 | 2.0.1 | 61.00 | 252.00 | 313.00 | OK | |
r-devel-windows-ix86+x86_64-gcc8 | 2.0.1 | 82.00 | 323.00 | 405.00 | OK | |
r-patched-linux-x86_64 | 2.0.1 | 36.72 | 188.98 | 225.70 | WARN | |
r-patched-solaris-x86 | 2.0.1 | 328.50 | WARN | |||
r-release-linux-x86_64 | 2.0.1 | 33.62 | 189.15 | 222.77 | OK | |
r-release-windows-ix86+x86_64 | 2.0.1 | 47.00 | 214.00 | 261.00 | OK | |
r-release-osx-x86_64 | 2.0.1 | NOTE | ||||
r-oldrel-windows-ix86+x86_64 | 2.0.1 | 48.00 | 187.00 | 235.00 | OK | |
r-oldrel-osx-x86_64 | 2.0.1 | NOTE |
Version: 2.0.1
Check: Rd \usage sections
Result: WARN
Documented arguments not in \usage in documentation object 'S.np':
'...'
Documented arguments not in \usage in documentation object 'classif.kfold':
'...'
Documented arguments not in \usage in documentation object 'metric.ldata':
'...'
Functions with \usage entries need to have the appropriate \alias
entries, and all their arguments documented.
The \usage entries must correspond to syntactically valid R code.
See chapter 'Writing R documentation files' in the 'Writing R
Extensions' manual.
Flavors: r-devel-linux-x86_64-debian-clang, r-devel-linux-x86_64-debian-gcc, r-devel-linux-x86_64-fedora-clang, r-devel-linux-x86_64-fedora-gcc, r-patched-linux-x86_64, r-patched-solaris-x86
Version: 2.0.1
Check: data for non-ASCII characters
Result: NOTE
Note: found 76 marked UTF-8 strings
Flavors: r-devel-linux-x86_64-fedora-clang, r-devel-linux-x86_64-fedora-gcc, r-patched-solaris-x86, r-release-osx-x86_64, r-oldrel-osx-x86_64