Last updated on 2020-02-15 01:01:24 CET.
Flavor | Version | Tinstall | Tcheck | Ttotal | Status | Flags |
---|---|---|---|---|---|---|
r-devel-linux-x86_64-debian-clang | 0.1.2 | 24.34 | 48.51 | 72.85 | OK | |
r-devel-linux-x86_64-debian-gcc | 0.1.2 | 15.18 | 37.24 | 52.42 | OK | |
r-devel-linux-x86_64-fedora-clang | 0.1.2 | 94.45 | OK | |||
r-devel-linux-x86_64-fedora-gcc | 0.1.2 | 87.33 | OK | |||
r-devel-windows-ix86+x86_64 | 0.1.2 | 55.00 | 102.00 | 157.00 | OK | |
r-devel-windows-ix86+x86_64-gcc8 | 0.1.2 | 78.00 | 138.00 | 216.00 | NOTE | |
r-patched-linux-x86_64 | 0.1.2 | 18.21 | 43.91 | 62.12 | OK | |
r-patched-solaris-x86 | 0.1.2 | 103.50 | OK | |||
r-release-linux-x86_64 | 0.1.2 | 15.52 | 43.21 | 58.73 | OK | |
r-release-windows-ix86+x86_64 | 0.1.2 | 54.00 | 88.00 | 142.00 | OK | |
r-release-osx-x86_64 | 0.1.2 | OK | ||||
r-oldrel-windows-ix86+x86_64 | 0.1.2 | 36.00 | 137.00 | 173.00 | OK | |
r-oldrel-osx-x86_64 | 0.1.2 | OK |
Version: 0.1.2
Check: installed package size
Result: NOTE
installed size is 5.4Mb
sub-directories of 1Mb or more:
data 3.3Mb
libs 2.0Mb
Flavor: r-devel-windows-ix86+x86_64-gcc8