Last updated on 2020-02-15 01:01:24 CET.
Flavor | Version | Tinstall | Tcheck | Ttotal | Status | Flags |
---|---|---|---|---|---|---|
r-devel-linux-x86_64-debian-clang | 0.5.1 | 301.32 | 309.56 | 610.88 | WARN | |
r-devel-linux-x86_64-debian-gcc | 0.5.1 | 213.02 | 224.79 | 437.81 | WARN | |
r-devel-linux-x86_64-fedora-clang | 0.5.1 | 813.24 | WARN | |||
r-devel-linux-x86_64-fedora-gcc | 0.5.1 | 797.45 | WARN | |||
r-devel-windows-ix86+x86_64 | 0.5.1 | 527.00 | 394.00 | 921.00 | NOTE | |
r-devel-windows-ix86+x86_64-gcc8 | 0.5.1 | 728.00 | 537.00 | 1265.00 | NOTE | |
r-patched-linux-x86_64 | 0.5.1 | 253.08 | 277.81 | 530.89 | WARN | |
r-patched-solaris-x86 | 0.5.1 | 729.70 | WARN | |||
r-release-linux-x86_64 | 0.5.1 | 254.47 | 274.91 | 529.38 | OK | |
r-release-windows-ix86+x86_64 | 0.5.1 | 469.00 | 347.00 | 816.00 | NOTE | |
r-release-osx-x86_64 | 0.5.1 | NOTE | ||||
r-oldrel-windows-ix86+x86_64 | 0.5.1 | 377.00 | 483.00 | 860.00 | NOTE | |
r-oldrel-osx-x86_64 | 0.5.1 | NOTE |
Version: 0.5.1
Check: Rd \usage sections
Result: WARN
Documented arguments not in \usage in documentation object 'FCReg':
'...'
Functions with \usage entries need to have the appropriate \alias
entries, and all their arguments documented.
The \usage entries must correspond to syntactically valid R code.
See chapter 'Writing R documentation files' in the 'Writing R
Extensions' manual.
Flavors: r-devel-linux-x86_64-debian-clang, r-devel-linux-x86_64-debian-gcc, r-devel-linux-x86_64-fedora-clang, r-devel-linux-x86_64-fedora-gcc, r-patched-linux-x86_64, r-patched-solaris-x86
Version: 0.5.1
Check: installed package size
Result: NOTE
installed size is 46.4Mb
sub-directories of 1Mb or more:
doc 2.9Mb
libs 42.8Mb
Flavors: r-devel-linux-x86_64-fedora-clang, r-devel-windows-ix86+x86_64, r-devel-windows-ix86+x86_64-gcc8, r-release-windows-ix86+x86_64, r-release-osx-x86_64, r-oldrel-windows-ix86+x86_64, r-oldrel-osx-x86_64
Version: 0.5.1
Check: dependencies in R code
Result: NOTE
No protocol specified
No protocol specified
No protocol specified
Flavors: r-release-osx-x86_64, r-oldrel-osx-x86_64