Last updated on 2020-02-15 01:01:24 CET.
Flavor | Version | Tinstall | Tcheck | Ttotal | Status | Flags |
---|---|---|---|---|---|---|
r-devel-linux-x86_64-debian-clang | 1.9.2 | 495.17 | 176.03 | 671.20 | OK | |
r-devel-linux-x86_64-debian-gcc | 1.9.2 | 285.50 | 130.43 | 415.93 | OK | |
r-devel-linux-x86_64-fedora-clang | 1.9.2 | 916.78 | NOTE | |||
r-devel-linux-x86_64-fedora-gcc | 1.9.2 | 804.89 | OK | |||
r-devel-windows-ix86+x86_64 | 1.9.2 | 888.00 | 304.00 | 1192.00 | NOTE | |
r-devel-windows-ix86+x86_64-gcc8 | 1.9.2 | 1612.00 | 390.00 | 2002.00 | NOTE | |
r-patched-linux-x86_64 | 1.9.2 | 330.24 | 153.72 | 483.96 | OK | |
r-patched-solaris-x86 | 1.9.2 | 773.00 | OK | |||
r-release-linux-x86_64 | 1.9.2 | 334.26 | 156.49 | 490.75 | OK | |
r-release-windows-ix86+x86_64 | 1.9.2 | 971.00 | 245.00 | 1216.00 | NOTE | |
r-release-osx-x86_64 | 1.9.2 | NOTE | ||||
r-oldrel-windows-ix86+x86_64 | 1.9.2 | 962.00 | 344.00 | 1306.00 | NOTE | |
r-oldrel-osx-x86_64 | 1.9.2 | NOTE |
Version: 1.9.2
Check: installed package size
Result: NOTE
installed size is 10.8Mb
sub-directories of 1Mb or more:
data 2.3Mb
libs 8.0Mb
Flavors: r-devel-linux-x86_64-fedora-clang, r-devel-windows-ix86+x86_64, r-devel-windows-ix86+x86_64-gcc8, r-release-windows-ix86+x86_64, r-release-osx-x86_64, r-oldrel-windows-ix86+x86_64, r-oldrel-osx-x86_64