CRAN Package Check Results for Package fechner

Last updated on 2020-02-15 01:01:24 CET.

Flavor Version Tinstall Tcheck Ttotal Status Flags
r-devel-linux-x86_64-debian-clang 1.0-3 3.59 29.99 33.58 OK
r-devel-linux-x86_64-debian-gcc 1.0-3 2.31 23.56 25.87 OK
r-devel-linux-x86_64-fedora-clang 1.0-3 41.25 NOTE
r-devel-linux-x86_64-fedora-gcc 1.0-3 41.77 NOTE
r-devel-windows-ix86+x86_64 1.0-3 9.00 47.00 56.00 OK
r-devel-windows-ix86+x86_64-gcc8 1.0-3 12.00 62.00 74.00 OK
r-patched-linux-x86_64 1.0-3 2.73 27.95 30.68 OK
r-patched-solaris-x86 1.0-3 47.80 OK
r-release-linux-x86_64 1.0-3 2.65 27.95 30.60 OK
r-release-windows-ix86+x86_64 1.0-3 7.00 56.00 63.00 OK
r-release-osx-x86_64 1.0-3 OK
r-oldrel-windows-ix86+x86_64 1.0-3 6.00 37.00 43.00 OK
r-oldrel-osx-x86_64 1.0-3 OK

Check Details

Version: 1.0-3
Check: compiled code
Result: NOTE
    File ‘fechner/libs/fechner.so’:
     Found no calls to: ‘R_registerRoutines’, ‘R_useDynamicSymbols’
    
    It is good practice to register native routines and to disable symbol
    search.
    
    See ‘Writing portable packages’ in the ‘Writing R Extensions’ manual.
Flavors: r-devel-linux-x86_64-fedora-clang, r-devel-linux-x86_64-fedora-gcc