CRAN Package Check Results for Package fic

Last updated on 2020-02-15 01:01:24 CET.

Flavor Version Tinstall Tcheck Ttotal Status Flags
r-devel-linux-x86_64-debian-clang 1.0.0 10.05 180.37 190.42 OK
r-devel-linux-x86_64-debian-gcc 1.0.0 8.47 134.50 142.97 OK
r-devel-linux-x86_64-fedora-clang 1.0.0 228.81 NOTE
r-devel-linux-x86_64-fedora-gcc 1.0.0 223.70 NOTE
r-devel-windows-ix86+x86_64 1.0.0 23.00 227.00 250.00 OK
r-devel-windows-ix86+x86_64-gcc8 1.0.0 29.00 301.00 330.00 OK
r-patched-linux-x86_64 1.0.0 9.31 158.00 167.31 OK
r-patched-solaris-x86 1.0.0 284.80 NOTE
r-release-linux-x86_64 1.0.0 8.90 157.50 166.40 OK
r-release-windows-ix86+x86_64 1.0.0 19.00 201.00 220.00 OK
r-release-osx-x86_64 1.0.0 NOTE
r-oldrel-windows-ix86+x86_64 1.0.0 12.00 186.00 198.00 OK
r-oldrel-osx-x86_64 1.0.0 NOTE

Check Details

Version: 1.0.0
Check: dependencies in R code
Result: NOTE
    Namespace in Imports field not imported from: ‘numDeriv’
     All declared Imports should be used.
Flavors: r-devel-linux-x86_64-fedora-clang, r-devel-linux-x86_64-fedora-gcc, r-patched-solaris-x86, r-release-osx-x86_64, r-oldrel-osx-x86_64