CRAN Package Check Results for Package flars

Last updated on 2020-02-15 01:01:24 CET.

Flavor Version Tinstall Tcheck Ttotal Status Flags
r-devel-linux-x86_64-debian-clang 1.0 43.54 79.46 123.00 OK
r-devel-linux-x86_64-debian-gcc 1.0 29.10 62.53 91.63 OK
r-devel-linux-x86_64-fedora-clang 1.0 158.73 NOTE
r-devel-linux-x86_64-fedora-gcc 1.0 149.42 NOTE
r-devel-windows-ix86+x86_64 1.0 87.00 134.00 221.00 OK
r-devel-windows-ix86+x86_64-gcc8 1.0 124.00 169.00 293.00 OK
r-patched-linux-x86_64 1.0 32.69 73.20 105.89 OK
r-patched-solaris-x86 1.0 191.50 OK
r-release-linux-x86_64 1.0 31.67 73.04 104.71 OK
r-release-windows-ix86+x86_64 1.0 82.00 118.00 200.00 OK
r-release-osx-x86_64 1.0 OK
r-oldrel-windows-ix86+x86_64 1.0 71.00 153.00 224.00 OK
r-oldrel-osx-x86_64 1.0 OK

Check Details

Version: 1.0
Check: compiled code
Result: NOTE
    File ‘flars/libs/flars.so’:
     Found no calls to: ‘R_registerRoutines’, ‘R_useDynamicSymbols’
    
    It is good practice to register native routines and to disable symbol
    search.
    
    See ‘Writing portable packages’ in the ‘Writing R Extensions’ manual.
Flavors: r-devel-linux-x86_64-fedora-clang, r-devel-linux-x86_64-fedora-gcc