Last updated on 2020-02-15 01:01:24 CET.
Flavor | Version | Tinstall | Tcheck | Ttotal | Status | Flags |
---|---|---|---|---|---|---|
r-devel-linux-x86_64-debian-clang | 0.3.0 | 11.08 | 116.67 | 127.75 | OK | |
r-devel-linux-x86_64-debian-gcc | 0.3.0 | 9.22 | 89.08 | 98.30 | OK | |
r-devel-linux-x86_64-fedora-clang | 0.3.0 | 153.85 | WARN | |||
r-devel-linux-x86_64-fedora-gcc | 0.3.0 | 151.45 | OK | |||
r-devel-windows-ix86+x86_64 | 0.3.0 | 24.00 | 130.00 | 154.00 | OK | |
r-devel-windows-ix86+x86_64-gcc8 | 0.3.0 | 38.00 | 178.00 | 216.00 | OK | |
r-patched-linux-x86_64 | 0.3.0 | 9.74 | 103.62 | 113.36 | OK | |
r-patched-solaris-x86 | 0.3.0 | 214.80 | OK | |||
r-release-linux-x86_64 | 0.3.0 | 7.80 | 104.82 | 112.62 | OK | |
r-release-windows-ix86+x86_64 | 0.3.0 | 19.00 | 117.00 | 136.00 | OK | |
r-release-osx-x86_64 | 0.3.0 | OK | ||||
r-oldrel-windows-ix86+x86_64 | 0.3.0 | 11.00 | 129.00 | 140.00 | OK | |
r-oldrel-osx-x86_64 | 0.3.0 | OK |
Version: 0.3.0
Check: package dependencies
Result: WARN
Requires orphaned package: ‘imager’
Flavor: r-devel-linux-x86_64-fedora-clang