CRAN Package Check Results for Package fractional

Last updated on 2020-02-15 01:01:24 CET.

Flavor Version Tinstall Tcheck Ttotal Status Flags
r-devel-linux-x86_64-debian-clang 0.1.3 19.04 32.62 51.66 OK
r-devel-linux-x86_64-debian-gcc 0.1.3 11.43 25.85 37.28 OK
r-devel-linux-x86_64-fedora-clang 0.1.3 65.91 NOTE
r-devel-linux-x86_64-fedora-gcc 0.1.3 61.81 NOTE
r-devel-windows-ix86+x86_64 0.1.3 38.00 70.00 108.00 OK
r-devel-windows-ix86+x86_64-gcc8 0.1.3 51.00 94.00 145.00 OK
r-patched-linux-x86_64 0.1.3 11.56 29.95 41.51 OK
r-patched-solaris-x86 0.1.3 73.60 OK
r-release-linux-x86_64 0.1.3 12.16 30.13 42.29 OK
r-release-windows-ix86+x86_64 0.1.3 34.00 61.00 95.00 OK
r-release-osx-x86_64 0.1.3 OK
r-oldrel-windows-ix86+x86_64 0.1.3 28.00 59.00 87.00 OK
r-oldrel-osx-x86_64 0.1.3 OK

Check Details

Version: 0.1.3
Check: compiled code
Result: NOTE
    File ‘fractional/libs/fractional.so’:
     Found no calls to: ‘R_registerRoutines’, ‘R_useDynamicSymbols’
    
    It is good practice to register native routines and to disable symbol
    search.
    
    See ‘Writing portable packages’ in the ‘Writing R Extensions’ manual.
Flavors: r-devel-linux-x86_64-fedora-clang, r-devel-linux-x86_64-fedora-gcc