CRAN Package Check Results for Package futureheatwaves

Last updated on 2020-02-15 01:01:25 CET.

Flavor Version Tinstall Tcheck Ttotal Status Flags
r-devel-linux-x86_64-debian-clang 1.0.3 22.17 60.04 82.21 OK
r-devel-linux-x86_64-debian-gcc 1.0.3 13.79 45.91 59.70 OK
r-devel-linux-x86_64-fedora-clang 1.0.3 102.64 NOTE
r-devel-linux-x86_64-fedora-gcc 1.0.3 97.28 NOTE
r-devel-windows-ix86+x86_64 1.0.3 54.00 112.00 166.00 NOTE
r-devel-windows-ix86+x86_64-gcc8 1.0.3 69.00 167.00 236.00 NOTE
r-patched-linux-x86_64 1.0.3 16.30 53.79 70.09 OK
r-patched-solaris-x86 1.0.3 124.60 WARN
r-release-linux-x86_64 1.0.3 15.12 54.18 69.30 OK
r-release-windows-ix86+x86_64 1.0.3 38.00 95.00 133.00 NOTE
r-release-osx-x86_64 1.0.3 WARN
r-oldrel-windows-ix86+x86_64 1.0.3 35.00 92.00 127.00 NOTE
r-oldrel-osx-x86_64 1.0.3 WARN

Check Details

Version: 1.0.3
Check: compiled code
Result: NOTE
    File ‘futureheatwaves/libs/futureheatwaves.so’:
     Found no calls to: ‘R_registerRoutines’, ‘R_useDynamicSymbols’
    
    It is good practice to register native routines and to disable symbol
    search.
    
    See ‘Writing portable packages’ in the ‘Writing R Extensions’ manual.
Flavors: r-devel-linux-x86_64-fedora-clang, r-devel-linux-x86_64-fedora-gcc

Version: 1.0.3
Check: installed package size
Result: NOTE
     installed size is 5.0Mb
     sub-directories of 1Mb or more:
     doc 1.8Mb
     extdata 1.5Mb
     libs 1.5Mb
Flavors: r-devel-windows-ix86+x86_64, r-devel-windows-ix86+x86_64-gcc8, r-release-windows-ix86+x86_64, r-oldrel-windows-ix86+x86_64

Version: 1.0.3
Check: re-building of vignette outputs
Result: WARN
    Error(s) in re-building vignettes:
     ...
    --- re-building ‘futureheatwaves.Rmd’ using rmarkdown
    Warning in engine$weave(file, quiet = quiet, encoding = enc) :
     Pandoc (>= 1.12.3) and/or pandoc-citeproc not available. Falling back to R Markdown v1.
    Quitting from lines 604-605 (futureheatwaves.Rmd)
    Error: processing vignette 'futureheatwaves.Rmd' failed with diagnostics:
    there is no package called 'webshot'
    --- failed re-building ‘futureheatwaves.Rmd’
    
    --- re-building ‘starting_from_netcdf.Rmd’ using rmarkdown
    Warning in engine$weave(file, quiet = quiet, encoding = enc) :
     Pandoc (>= 1.12.3) and/or pandoc-citeproc not available. Falling back to R Markdown v1.
    --- finished re-building ‘starting_from_netcdf.Rmd’
    
    SUMMARY: processing the following file failed:
     ‘futureheatwaves.Rmd’
    
    Error: Vignette re-building failed.
    Execution halted
Flavor: r-patched-solaris-x86

Version: 1.0.3
Check: re-building of vignette outputs
Result: WARN
    Error(s) in re-building vignettes:
     ...
    --- re-building ‘futureheatwaves.Rmd’ using rmarkdown
    Warning in engine$weave(file, quiet = quiet, encoding = enc) :
     Pandoc (>= 1.12.3) and/or pandoc-citeproc not available. Falling back to R Markdown v1.
    Quitting from lines 604-605 (futureheatwaves.Rmd)
    Error: processing vignette 'futureheatwaves.Rmd' failed with diagnostics:
    cannot open the connection
    --- failed re-building ‘futureheatwaves.Rmd’
    
    --- re-building ‘starting_from_netcdf.Rmd’ using rmarkdown
    Warning in engine$weave(file, quiet = quiet, encoding = enc) :
     Pandoc (>= 1.12.3) and/or pandoc-citeproc not available. Falling back to R Markdown v1.
    --- finished re-building ‘starting_from_netcdf.Rmd’
    
    SUMMARY: processing the following file failed:
     ‘futureheatwaves.Rmd’
    
    Error: Vignette re-building failed.
    Execution halted
Flavor: r-release-osx-x86_64

Version: 1.0.3
Check: re-building of vignette outputs
Result: WARN
    Error in re-building vignettes:
     ...
    Warning in engine$weave(file, quiet = quiet, encoding = enc) :
     Pandoc (>= 1.12.3) and/or pandoc-citeproc not available. Falling back to R Markdown v1.
    Quitting from lines 604-605 (futureheatwaves.Rmd)
    Error: processing vignette 'futureheatwaves.Rmd' failed with diagnostics:
    cannot open the connection
    Execution halted
Flavor: r-oldrel-osx-x86_64