CRAN Package Check Results for Package gdmp

Last updated on 2020-02-15 01:01:25 CET.

Flavor Version Tinstall Tcheck Ttotal Status Flags
r-devel-linux-x86_64-debian-clang 0.2.0 5.02 22.96 27.98 OK
r-devel-linux-x86_64-debian-gcc 0.2.0 3.73 18.45 22.18 OK
r-devel-linux-x86_64-fedora-clang 0.2.0 34.89 NOTE
r-devel-linux-x86_64-fedora-gcc 0.2.0 33.89 NOTE
r-devel-windows-ix86+x86_64 0.2.0 17.00 47.00 64.00 OK
r-devel-windows-ix86+x86_64-gcc8 0.2.0 21.00 66.00 87.00 OK
r-patched-linux-x86_64 0.2.0 3.84 21.33 25.17 OK
r-patched-solaris-x86 0.2.0 47.60 OK
r-release-linux-x86_64 0.2.0 3.91 21.33 25.24 OK
r-release-windows-ix86+x86_64 0.2.0 16.00 61.00 77.00 OK
r-release-osx-x86_64 0.2.0 OK
r-oldrel-windows-ix86+x86_64 0.2.0 19.00 48.00 67.00 OK
r-oldrel-osx-x86_64 0.2.0 OK

Check Details

Version: 0.2.0
Check: compiled code
Result: NOTE
    File ‘gdmp/libs/gdmp.so’:
     Found no calls to: ‘R_registerRoutines’, ‘R_useDynamicSymbols’
    
    It is good practice to register native routines and to disable symbol
    search.
    
    See ‘Writing portable packages’ in the ‘Writing R Extensions’ manual.
Flavors: r-devel-linux-x86_64-fedora-clang, r-devel-linux-x86_64-fedora-gcc