Last updated on 2020-02-15 01:01:25 CET.
Flavor | Version | Tinstall | Tcheck | Ttotal | Status | Flags |
---|---|---|---|---|---|---|
r-devel-linux-x86_64-debian-clang | 1.1 | 1.87 | 17.44 | 19.31 | NOTE | |
r-devel-linux-x86_64-debian-gcc | 1.1 | 1.53 | 14.16 | 15.69 | NOTE | |
r-devel-linux-x86_64-fedora-clang | 1.1 | 24.34 | NOTE | |||
r-devel-linux-x86_64-fedora-gcc | 1.1 | 23.52 | NOTE | |||
r-devel-windows-ix86+x86_64 | 1.1 | 5.00 | 29.00 | 34.00 | NOTE | |
r-devel-windows-ix86+x86_64-gcc8 | 1.1 | 5.00 | 49.00 | 54.00 | NOTE | |
r-patched-linux-x86_64 | 1.1 | 1.37 | 16.15 | 17.52 | NOTE | |
r-patched-solaris-x86 | 1.1 | 34.50 | NOTE | |||
r-release-linux-x86_64 | 1.1 | 1.23 | 16.16 | 17.39 | NOTE | |
r-release-windows-ix86+x86_64 | 1.1 | 4.00 | 36.00 | 40.00 | NOTE | |
r-release-osx-x86_64 | 1.1 | NOTE | ||||
r-oldrel-windows-ix86+x86_64 | 1.1 | 2.00 | 25.00 | 27.00 | NOTE | |
r-oldrel-osx-x86_64 | 1.1 | NOTE |
Version: 1.1
Check: R code for possible problems
Result: NOTE
genmvnorm: no visible global function definition for 'rnorm'
Undefined global functions or variables:
rnorm
Consider adding
importFrom("stats", "rnorm")
to your NAMESPACE file.
Flavors: r-devel-linux-x86_64-debian-clang, r-devel-linux-x86_64-debian-gcc, r-devel-linux-x86_64-fedora-clang, r-devel-linux-x86_64-fedora-gcc, r-devel-windows-ix86+x86_64, r-devel-windows-ix86+x86_64-gcc8, r-patched-linux-x86_64, r-patched-solaris-x86, r-release-linux-x86_64, r-release-windows-ix86+x86_64, r-release-osx-x86_64, r-oldrel-windows-ix86+x86_64, r-oldrel-osx-x86_64