CRAN Package Check Results for Package geospacom

Last updated on 2020-02-15 01:01:25 CET.

Flavor Version Tinstall Tcheck Ttotal Status Flags
r-devel-linux-x86_64-debian-clang 0.5-8 4.42 42.12 46.54 NOTE
r-devel-linux-x86_64-debian-gcc 0.5-8 3.40 34.30 37.70 NOTE
r-devel-linux-x86_64-fedora-clang 0.5-8 55.30 NOTE
r-devel-linux-x86_64-fedora-gcc 0.5-8 54.52 NOTE
r-devel-windows-ix86+x86_64 0.5-8 16.00 76.00 92.00 NOTE
r-devel-windows-ix86+x86_64-gcc8 0.5-8 20.00 110.00 130.00 NOTE
r-patched-linux-x86_64 0.5-8 3.24 38.69 41.93 NOTE
r-patched-solaris-x86 0.5-8 87.20 NOTE
r-release-linux-x86_64 0.5-8 3.06 38.74 41.80 WARN
r-release-windows-ix86+x86_64 0.5-8 15.00 67.00 82.00 NOTE
r-release-osx-x86_64 0.5-8 NOTE
r-oldrel-windows-ix86+x86_64 0.5-8 8.00 106.00 114.00 NOTE
r-oldrel-osx-x86_64 0.5-8 NOTE

Check Details

Version: 0.5-8
Check: package dependencies
Result: NOTE
    Package which this enhances but not available for checking: 'spacom'
Flavors: r-devel-linux-x86_64-debian-clang, r-devel-linux-x86_64-debian-gcc, r-devel-linux-x86_64-fedora-clang, r-devel-linux-x86_64-fedora-gcc, r-patched-linux-x86_64, r-patched-solaris-x86, r-release-linux-x86_64

Version: 0.5-8
Check: DESCRIPTION meta-information
Result: NOTE
    Malformed Description field: should contain one or more complete sentences.
Flavors: r-devel-linux-x86_64-debian-clang, r-devel-linux-x86_64-debian-gcc, r-devel-linux-x86_64-fedora-clang, r-devel-linux-x86_64-fedora-gcc, r-devel-windows-ix86+x86_64, r-devel-windows-ix86+x86_64-gcc8, r-patched-linux-x86_64, r-patched-solaris-x86, r-release-linux-x86_64, r-release-windows-ix86+x86_64, r-release-osx-x86_64, r-oldrel-windows-ix86+x86_64, r-oldrel-osx-x86_64

Version: 0.5-8
Check: R code for possible problems
Result: NOTE
    ImagePoly: no visible global function definition for 'plot'
    performSinglePlot: no visible global function definition for
     'heat.colors'
    Undefined global functions or variables:
     heat.colors plot
    Consider adding
     importFrom("grDevices", "heat.colors")
     importFrom("graphics", "plot")
    to your NAMESPACE file.
Flavors: r-devel-linux-x86_64-debian-clang, r-devel-linux-x86_64-debian-gcc, r-devel-linux-x86_64-fedora-clang, r-devel-linux-x86_64-fedora-gcc, r-devel-windows-ix86+x86_64, r-devel-windows-ix86+x86_64-gcc8, r-patched-linux-x86_64, r-patched-solaris-x86, r-release-linux-x86_64, r-release-windows-ix86+x86_64, r-release-osx-x86_64, r-oldrel-windows-ix86+x86_64, r-oldrel-osx-x86_64

Version: 0.5-8
Check: Rd cross-references
Result: NOTE
    Unknown package 'spacom' in Rd xrefs
Flavors: r-devel-linux-x86_64-debian-clang, r-devel-linux-x86_64-debian-gcc, r-devel-linux-x86_64-fedora-clang, r-devel-linux-x86_64-fedora-gcc, r-patched-linux-x86_64, r-patched-solaris-x86

Version: 0.5-8
Check: Rd cross-references
Result: WARN
    Unknown package ‘spacom’ in Rd xrefs
Flavor: r-release-linux-x86_64