CRAN Package Check Results for Package geozoning

Last updated on 2020-02-15 01:01:25 CET.

Flavor Version Tinstall Tcheck Ttotal Status Flags
r-devel-linux-x86_64-debian-clang 1.0.0 19.14 657.54 676.68 OK
r-devel-linux-x86_64-debian-gcc 1.0.0 18.67 487.52 506.19 OK
r-devel-linux-x86_64-fedora-clang 1.0.0 758.17 NOTE
r-devel-linux-x86_64-fedora-gcc 1.0.0 757.37 NOTE
r-devel-windows-ix86+x86_64 1.0.0 44.00 677.00 721.00 OK
r-devel-windows-ix86+x86_64-gcc8 1.0.0 63.00 835.00 898.00 OK
r-patched-linux-x86_64 1.0.0 18.30 569.21 587.51 OK
r-patched-solaris-x86 1.0.0 886.70 NOTE
r-release-linux-x86_64 1.0.0 17.50 566.04 583.54 OK
r-release-windows-ix86+x86_64 1.0.0 38.00 583.00 621.00 OK
r-release-osx-x86_64 1.0.0 NOTE
r-oldrel-windows-ix86+x86_64 1.0.0 27.00 645.00 672.00 OK
r-oldrel-osx-x86_64 1.0.0 NOTE

Check Details

Version: 1.0.0
Check: dependencies in R code
Result: NOTE
    Namespaces in Imports field not imported from:
     ‘ggplot2’ ‘utils’
     All declared Imports should be used.
Flavors: r-devel-linux-x86_64-fedora-clang, r-devel-linux-x86_64-fedora-gcc, r-patched-solaris-x86, r-release-osx-x86_64, r-oldrel-osx-x86_64