CRAN Package Check Results for Package gettz

Last updated on 2020-02-15 01:01:25 CET.

Flavor Version Tinstall Tcheck Ttotal Status Flags
r-devel-linux-x86_64-debian-clang 0.0.3 2.49 16.58 19.07 OK
r-devel-linux-x86_64-debian-gcc 0.0.3 1.92 13.24 15.16 OK
r-devel-linux-x86_64-fedora-clang 0.0.3 24.45 NOTE
r-devel-linux-x86_64-fedora-gcc 0.0.3 23.49 NOTE
r-devel-windows-ix86+x86_64 0.0.3 6.00 39.00 45.00 OK
r-devel-windows-ix86+x86_64-gcc8 0.0.3 11.00 50.00 61.00 OK
r-patched-linux-x86_64 0.0.3 1.77 15.40 17.17 OK
r-patched-solaris-x86 0.0.3 35.80 OK
r-release-linux-x86_64 0.0.3 1.88 15.39 17.27 OK
r-release-windows-ix86+x86_64 0.0.3 7.00 44.00 51.00 OK
r-release-osx-x86_64 0.0.3 OK
r-oldrel-windows-ix86+x86_64 0.0.3 4.00 31.00 35.00 OK
r-oldrel-osx-x86_64 0.0.3 OK

Check Details

Version: 0.0.3
Check: compiled code
Result: NOTE
    File ‘gettz/libs/gettz.so’:
     Found no calls to: ‘R_registerRoutines’, ‘R_useDynamicSymbols’
    
    It is good practice to register native routines and to disable symbol
    search.
    
    See ‘Writing portable packages’ in the ‘Writing R Extensions’ manual.
Flavors: r-devel-linux-x86_64-fedora-clang, r-devel-linux-x86_64-fedora-gcc