CRAN Package Check Results for Package ggedit

Last updated on 2020-02-15 01:01:25 CET.

Flavor Version Tinstall Tcheck Ttotal Status Flags
r-devel-linux-x86_64-debian-clang 0.3.0 10.35 74.60 84.95 OK
r-devel-linux-x86_64-debian-gcc 0.3.0 8.50 55.83 64.33 OK
r-devel-linux-x86_64-fedora-clang 0.3.0 97.67 NOTE
r-devel-linux-x86_64-fedora-gcc 0.3.0 95.68 NOTE
r-devel-windows-ix86+x86_64 0.3.0 27.00 93.00 120.00 OK
r-devel-windows-ix86+x86_64-gcc8 0.3.0 32.00 140.00 172.00 OK
r-patched-linux-x86_64 0.3.0 8.04 65.96 74.00 OK
r-patched-solaris-x86 0.3.0 126.20 NOTE
r-release-linux-x86_64 0.3.0 8.96 66.35 75.31 OK
r-release-windows-ix86+x86_64 0.3.0 18.00 85.00 103.00 OK
r-release-osx-x86_64 0.3.0 NOTE
r-oldrel-windows-ix86+x86_64 0.3.0 11.00 83.00 94.00 OK
r-oldrel-osx-x86_64 0.3.0 NOTE

Check Details

Version: 0.3.0
Check: dependencies in R code
Result: NOTE
    Namespace in Imports field not imported from: ‘magrittr’
     All declared Imports should be used.
Flavors: r-devel-linux-x86_64-fedora-clang, r-devel-linux-x86_64-fedora-gcc, r-patched-solaris-x86, r-release-osx-x86_64, r-oldrel-osx-x86_64