CRAN Package Check Results for Package ggiraph

Last updated on 2020-02-15 01:01:25 CET.

Flavor Version Tinstall Tcheck Ttotal Status Flags
r-devel-linux-x86_64-debian-clang 0.7.0 40.20 131.72 171.92 OK
r-devel-linux-x86_64-debian-gcc 0.7.0 28.66 98.76 127.42 OK
r-devel-linux-x86_64-fedora-clang 0.7.0 210.72 OK
r-devel-linux-x86_64-fedora-gcc 0.7.0 203.71 OK
r-devel-windows-ix86+x86_64 0.7.0 83.00 243.00 326.00 OK
r-devel-windows-ix86+x86_64-gcc8 0.7.0 119.00 318.00 437.00 OK
r-patched-linux-x86_64 0.7.0 34.05 118.07 152.12 OK
r-patched-solaris-x86 0.7.0 268.30 OK
r-release-linux-x86_64 0.7.0 31.48 117.94 149.42 OK
r-release-windows-ix86+x86_64 0.7.0 77.00 212.00 289.00 OK
r-release-osx-x86_64 0.7.0 OK
r-oldrel-windows-ix86+x86_64 0.7.0 59.00 221.00 280.00 WARN
r-oldrel-osx-x86_64 0.7.0 OK

Check Details

Version: 0.7.0
Check: whether package can be installed
Result: WARN
    Found the following significant warnings:
     Warning: S3 methods '[.fun_list', '[.grouped_df', 'all.equal.tbl_df', 'anti_join.data.frame', 'anti_join.tbl_df', 'arrange.data.frame', 'arrange.default', 'arrange.grouped_df', 'arrange.tbl_df', 'arrange_.data.frame', 'arrange_.tbl_df', 'as.data.frame.grouped_df', 'as.data.frame.rowwise_df', 'as.data.frame.tbl_cube', 'as.table.tbl_cube', 'as.tbl.data.frame', 'as.tbl.tbl', 'as.tbl_cube.array', 'as.tbl_cube.data.frame', 'as.tbl_cube.matrix', 'as.tbl_cube.table', 'as_tibble.grouped_df', 'as_tibble.tbl_cube', 'auto_copy.tbl_cube', 'auto_copy.tbl_df', 'cbind.grouped_df', 'collapse.data.frame', 'collect.data.frame', 'common_by.NULL', 'common_by.character', 'common_by.default', 'common_by.list', 'compute.data.frame', 'copy_to.DBIConnection', 'copy_to.src_local', 'default_missing.data.frame', 'default_missing.default', 'dim.tbl_cube', 'distinct.data.frame', 'distinct.default', 'distinct.grouped_df', 'distinct.tbl_df', 'distinct_.data.frame', 'distinct_.grouped_df', 'distinct_.tbl_df', 'do.NULL', 'do.da [... truncated]
Flavor: r-oldrel-windows-ix86+x86_64