CRAN Package Check Results for Package ggplotAssist

Last updated on 2020-02-15 01:01:25 CET.

Flavor Version Tinstall Tcheck Ttotal Status Flags
r-devel-linux-x86_64-debian-clang 0.1.3 7.85 54.70 62.55 OK
r-devel-linux-x86_64-debian-gcc 0.1.3 6.40 42.19 48.59 OK
r-devel-linux-x86_64-fedora-clang 0.1.3 76.24 NOTE
r-devel-linux-x86_64-fedora-gcc 0.1.3 73.29 NOTE
r-devel-windows-ix86+x86_64 0.1.3 18.00 72.00 90.00 WARN
r-devel-windows-ix86+x86_64-gcc8 0.1.3 41.00 115.00 156.00 OK
r-patched-linux-x86_64 0.1.3 6.37 48.61 54.98 OK
r-patched-solaris-x86 0.1.3 102.10 NOTE
r-release-linux-x86_64 0.1.3 6.50 49.00 55.50 OK
r-release-windows-ix86+x86_64 0.1.3 17.00 64.00 81.00 OK
r-release-osx-x86_64 0.1.3 NOTE
r-oldrel-windows-ix86+x86_64 0.1.3 10.00 71.00 81.00 OK
r-oldrel-osx-x86_64 0.1.3 NOTE

Check Details

Version: 0.1.3
Check: dependencies in R code
Result: NOTE
    Namespaces in Imports field not imported from:
     ‘gcookbook’ ‘ggthemes’ ‘moonBook’ ‘tidyverse’
     All declared Imports should be used.
Flavors: r-devel-linux-x86_64-fedora-clang, r-devel-linux-x86_64-fedora-gcc, r-patched-solaris-x86, r-release-osx-x86_64, r-oldrel-osx-x86_64

Version: 0.1.3
Check: re-building of vignette outputs
Result: WARN
    Error(s) in re-building vignettes:
    --- re-building 'ggplotAssist.Rmd' using rmarkdown
    pandoc.exe: Could not fetch https://raw.githubusercontent.com/cardiomoon/ggplotAssistFigures/master/1.jpg
    HttpExceptionRequest Request {
     host = "raw.githubusercontent.com"
     port = 443
     secure = True
     requestHeaders = []
     path = "/cardiomoon/ggplotAssistFigures/master/1.jpg"
     queryString = ""
     method = "GET"
     proxy = Nothing
     rawBody = False
     redirectCount = 10
     responseTimeout = ResponseTimeoutDefault
     requestVersion = HTTP/1.1
    }
     (ConnectionFailure getAddrInfo: does not exist (error 11001))
    Error: processing vignette 'ggplotAssist.Rmd' failed with diagnostics:
    pandoc document conversion failed with error 67
    --- failed re-building 'ggplotAssist.Rmd'
    
    SUMMARY: processing the following file failed:
     'ggplotAssist.Rmd'
    
    Error: Vignette re-building failed.
    Execution halted
Flavor: r-devel-windows-ix86+x86_64