Last updated on 2020-02-15 01:01:25 CET.
Flavor | Version | Tinstall | Tcheck | Ttotal | Status | Flags |
---|---|---|---|---|---|---|
r-devel-linux-x86_64-debian-clang | 2.0.1 | 81.04 | 228.13 | 309.17 | OK | |
r-devel-linux-x86_64-debian-gcc | 2.0.1 | 55.27 | 167.06 | 222.33 | OK | |
r-devel-linux-x86_64-fedora-clang | 2.0.1 | 408.36 | NOTE | |||
r-devel-linux-x86_64-fedora-gcc | 2.0.1 | 360.09 | OK | |||
r-devel-windows-ix86+x86_64 | 2.0.1 | 170.00 | 364.00 | 534.00 | NOTE | |
r-devel-windows-ix86+x86_64-gcc8 | 2.0.0 | 210.00 | 453.00 | 663.00 | NOTE | |
r-patched-linux-x86_64 | 2.0.1 | 59.95 | 201.69 | 261.64 | OK | |
r-patched-solaris-x86 | 2.0.1 | 443.00 | NOTE | |||
r-release-linux-x86_64 | 2.0.1 | 65.29 | 200.95 | 266.24 | OK | |
r-release-windows-ix86+x86_64 | 2.0.1 | 136.00 | 318.00 | 454.00 | NOTE | |
r-release-osx-x86_64 | 2.0.1 | NOTE | ||||
r-oldrel-windows-ix86+x86_64 | 2.0.1 | 149.00 | 404.00 | 553.00 | NOTE | |
r-oldrel-osx-x86_64 | 2.0.1 | NOTE |
Version: 2.0.1
Check: installed package size
Result: NOTE
installed size is 7.5Mb
sub-directories of 1Mb or more:
doc 3.6Mb
libs 2.6Mb
Flavors: r-devel-linux-x86_64-fedora-clang, r-devel-windows-ix86+x86_64, r-patched-solaris-x86, r-release-windows-ix86+x86_64, r-release-osx-x86_64, r-oldrel-windows-ix86+x86_64, r-oldrel-osx-x86_64
Version: 2.0.0
Check: installed package size
Result: NOTE
installed size is 7.1Mb
sub-directories of 1Mb or more:
doc 3.6Mb
libs 2.3Mb
Flavor: r-devel-windows-ix86+x86_64-gcc8