Last updated on 2020-02-15 01:01:26 CET.
Flavor | Version | Tinstall | Tcheck | Ttotal | Status | Flags |
---|---|---|---|---|---|---|
r-devel-linux-x86_64-debian-clang | 1.2.1 | 148.99 | 407.20 | 556.19 | OK | |
r-devel-linux-x86_64-debian-gcc | 1.2.1 | 138.26 | 292.64 | 430.90 | OK | |
r-devel-linux-x86_64-fedora-clang | 1.2.1 | 693.77 | NOTE | |||
r-devel-linux-x86_64-fedora-gcc | 1.2.1 | 789.13 | OK | |||
r-devel-windows-ix86+x86_64 | 1.2.1 | 241.00 | 619.00 | 860.00 | NOTE | |
r-devel-windows-ix86+x86_64-gcc8 | 1.2.1 | 302.00 | 795.00 | 1097.00 | NOTE | |
r-patched-linux-x86_64 | 1.2.1 | 137.84 | 438.96 | 576.80 | OK | |
r-patched-solaris-x86 | 1.2.1 | 977.90 | OK | |||
r-release-linux-x86_64 | 1.2.1 | 136.07 | 441.25 | 577.32 | OK | |
r-release-windows-ix86+x86_64 | 1.2.1 | 215.00 | 549.00 | 764.00 | NOTE | |
r-release-osx-x86_64 | 1.2.1 | NOTE | ||||
r-oldrel-windows-ix86+x86_64 | 1.2.1 | 219.00 | 651.00 | 870.00 | NOTE | |
r-oldrel-osx-x86_64 | 1.2.1 | NOTE |
Version: 1.2.1
Check: installed package size
Result: NOTE
installed size is 47.7Mb
sub-directories of 1Mb or more:
libs 46.5Mb
Flavors: r-devel-linux-x86_64-fedora-clang, r-devel-windows-ix86+x86_64, r-devel-windows-ix86+x86_64-gcc8, r-release-windows-ix86+x86_64, r-release-osx-x86_64, r-oldrel-windows-ix86+x86_64, r-oldrel-osx-x86_64