CRAN Package Check Results for Package glmmfields

Last updated on 2020-02-15 01:01:26 CET.

Flavor Version Tinstall Tcheck Ttotal Status Flags
r-devel-linux-x86_64-debian-clang 0.1.3 144.78 100.99 245.77 NOTE
r-devel-linux-x86_64-debian-gcc 0.1.3 138.55 77.89 216.44 NOTE
r-devel-linux-x86_64-fedora-clang 0.1.3 322.62 NOTE
r-devel-linux-x86_64-fedora-gcc 0.1.3 362.09 NOTE
r-devel-windows-ix86+x86_64 0.1.3 259.00 168.00 427.00 NOTE
r-devel-windows-ix86+x86_64-gcc8 0.1.3 380.00 235.00 615.00 NOTE
r-patched-linux-x86_64 0.1.3 139.77 89.87 229.64 NOTE
r-patched-solaris-x86 0.1.3 342.40 NOTE
r-release-linux-x86_64 0.1.3 140.41 91.36 231.77 NOTE
r-release-windows-ix86+x86_64 0.1.3 230.00 150.00 380.00 NOTE
r-release-osx-x86_64 0.1.3 NOTE
r-oldrel-windows-ix86+x86_64 0.1.3 222.00 154.00 376.00 NOTE
r-oldrel-osx-x86_64 0.1.3 NOTE

Check Details

Version: 0.1.3
Check: for GNU extensions in Makefiles
Result: NOTE
    GNU make is a SystemRequirements.
Flavors: r-devel-linux-x86_64-debian-clang, r-devel-linux-x86_64-debian-gcc, r-devel-linux-x86_64-fedora-clang, r-devel-linux-x86_64-fedora-gcc, r-devel-windows-ix86+x86_64, r-devel-windows-ix86+x86_64-gcc8, r-patched-linux-x86_64, r-patched-solaris-x86, r-release-linux-x86_64, r-release-windows-ix86+x86_64, r-release-osx-x86_64, r-oldrel-windows-ix86+x86_64, r-oldrel-osx-x86_64

Version: 0.1.3
Check: installed package size
Result: NOTE
     installed size is 38.6Mb
     sub-directories of 1Mb or more:
     libs 37.9Mb
Flavors: r-devel-linux-x86_64-fedora-clang, r-devel-windows-ix86+x86_64-gcc8, r-release-osx-x86_64, r-oldrel-osx-x86_64