Last updated on 2020-02-15 01:01:26 CET.
Flavor | Version | Tinstall | Tcheck | Ttotal | Status | Flags |
---|---|---|---|---|---|---|
r-devel-linux-x86_64-debian-clang | 0.1.1 | 5.84 | 45.53 | 51.37 | OK | |
r-devel-linux-x86_64-debian-gcc | 0.1.1 | 5.02 | 35.20 | 40.22 | OK | |
r-devel-linux-x86_64-fedora-clang | 0.1.1 | 60.74 | NOTE | |||
r-devel-linux-x86_64-fedora-gcc | 0.1.1 | 60.19 | NOTE | |||
r-devel-windows-ix86+x86_64 | 0.1.1 | 14.00 | 66.00 | 80.00 | OK | |
r-patched-linux-x86_64 | 0.1.1 | 4.94 | 41.67 | 46.61 | OK | |
r-patched-solaris-x86 | 0.1.1 | 89.90 | NOTE | |||
r-release-linux-x86_64 | 0.1.1 | 4.42 | 41.61 | 46.03 | OK | |
r-release-windows-ix86+x86_64 | 0.1.1 | 12.00 | 63.00 | 75.00 | OK | |
r-release-osx-x86_64 | 0.1.1 | NOTE | ||||
r-oldrel-windows-ix86+x86_64 | 0.1.1 | 14.00 | 83.00 | 97.00 | OK | |
r-oldrel-osx-x86_64 | 0.1.1 | NOTE |
Version: 0.1.1
Check: dependencies in R code
Result: NOTE
Namespaces in Imports field not imported from:
‘methods’ ‘stats’
All declared Imports should be used.
Flavors: r-devel-linux-x86_64-fedora-clang, r-devel-linux-x86_64-fedora-gcc, r-patched-solaris-x86, r-release-osx-x86_64, r-oldrel-osx-x86_64