Last updated on 2020-02-15 01:01:26 CET.
Flavor | Version | Tinstall | Tcheck | Ttotal | Status | Flags |
---|---|---|---|---|---|---|
r-devel-linux-x86_64-debian-clang | 0.3.0 | 7.69 | 53.88 | 61.57 | OK | |
r-devel-linux-x86_64-debian-gcc | 0.3.0 | 5.95 | 41.31 | 47.26 | OK | |
r-devel-linux-x86_64-fedora-clang | 0.3.0 | 72.05 | NOTE | |||
r-devel-linux-x86_64-fedora-gcc | 0.3.0 | 70.28 | NOTE | |||
r-devel-windows-ix86+x86_64 | 0.3.0 | 17.00 | 73.00 | 90.00 | OK | |
r-devel-windows-ix86+x86_64-gcc8 | 0.3.0 | 26.00 | 120.00 | 146.00 | OK | |
r-patched-linux-x86_64 | 0.3.0 | 5.11 | 47.53 | 52.64 | OK | |
r-patched-solaris-x86 | 0.3.0 | 92.70 | NOTE | |||
r-release-linux-x86_64 | 0.3.0 | 5.80 | 47.18 | 52.98 | OK | |
r-release-windows-ix86+x86_64 | 0.3.0 | 13.00 | 66.00 | 79.00 | OK | |
r-release-osx-x86_64 | 0.3.0 | NOTE | ||||
r-oldrel-windows-ix86+x86_64 | 0.3.0 | 11.00 | 61.00 | 72.00 | OK | |
r-oldrel-osx-x86_64 | 0.3.0 | NOTE |
Version: 0.3.0
Check: dependencies in R code
Result: NOTE
Namespace in Imports field not imported from: ‘tibble’
All declared Imports should be used.
Flavors: r-devel-linux-x86_64-fedora-clang, r-devel-linux-x86_64-fedora-gcc, r-patched-solaris-x86, r-release-osx-x86_64, r-oldrel-osx-x86_64