CRAN Package Check Results for Package graphTweets

Last updated on 2020-02-15 01:01:26 CET.

Flavor Version Tinstall Tcheck Ttotal Status Flags
r-devel-linux-x86_64-debian-clang 0.5.3 3.33 36.64 39.97 OK
r-devel-linux-x86_64-debian-gcc 0.5.3 3.58 28.21 31.79 OK
r-devel-linux-x86_64-fedora-clang 0.5.3 49.85 NOTE
r-devel-linux-x86_64-fedora-gcc 0.5.3 48.37 NOTE
r-devel-windows-ix86+x86_64 0.5.3 10.00 54.00 64.00 OK
r-devel-windows-ix86+x86_64-gcc8 0.5.3 16.00 71.00 87.00 OK
r-patched-linux-x86_64 0.5.3 3.49 32.44 35.93 OK
r-patched-solaris-x86 0.5.3 68.40 NOTE
r-release-linux-x86_64 0.5.3 3.32 32.93 36.25 OK
r-release-windows-ix86+x86_64 0.5.3 8.00 49.00 57.00 OK
r-release-osx-x86_64 0.5.3 NOTE
r-oldrel-windows-ix86+x86_64 0.5.3 5.00 50.00 55.00 OK
r-oldrel-osx-x86_64 0.5.3 NOTE

Check Details

Version: 0.5.3
Check: dependencies in R code
Result: NOTE
    Namespace in Imports field not imported from: ‘utils’
     All declared Imports should be used.
Flavors: r-devel-linux-x86_64-fedora-clang, r-devel-linux-x86_64-fedora-gcc, r-patched-solaris-x86, r-release-osx-x86_64, r-oldrel-osx-x86_64