Last updated on 2020-02-15 01:01:26 CET.
Flavor | Version | Tinstall | Tcheck | Ttotal | Status | Flags |
---|---|---|---|---|---|---|
r-devel-linux-x86_64-debian-clang | 0.3.0 | 13.30 | 250.76 | 264.06 | OK | |
r-devel-linux-x86_64-debian-gcc | 0.3.0 | 11.63 | 184.60 | 196.23 | OK | |
r-devel-linux-x86_64-fedora-clang | 0.3.0 | 298.02 | OK | |||
r-devel-linux-x86_64-fedora-gcc | 0.3.0 | 302.42 | OK | |||
r-devel-windows-ix86+x86_64 | 0.3.0 | 28.00 | 301.00 | 329.00 | OK | |
r-devel-windows-ix86+x86_64-gcc8 | 0.3.0 | 38.00 | 428.00 | 466.00 | OK | |
r-patched-linux-x86_64 | 0.3.0 | 13.20 | 220.77 | 233.97 | OK | |
r-patched-solaris-x86 | 0.3.0 | 417.80 | OK | |||
r-release-linux-x86_64 | 0.3.0 | 12.39 | 220.82 | 233.21 | OK | |
r-release-windows-ix86+x86_64 | 0.3.0 | 22.00 | 272.00 | 294.00 | OK | |
r-release-osx-x86_64 | 0.3.0 | OK | ||||
r-oldrel-osx-x86_64 | 0.3.0 | ERROR |
Version: 0.3.0
Check: whether package can be installed
Result: ERROR
Installation failed.
Flavor: r-oldrel-osx-x86_64