CRAN Package Check Results for Package gravitas

Last updated on 2020-02-15 01:01:26 CET.

Flavor Version Tinstall Tcheck Ttotal Status Flags
r-devel-linux-x86_64-debian-clang 0.1.0 4.88 140.90 145.78 WARN
r-devel-linux-x86_64-debian-gcc 0.1.0 4.43 101.31 105.74 WARN
r-devel-linux-x86_64-fedora-clang 0.1.0 171.04 WARN
r-devel-linux-x86_64-fedora-gcc 0.1.0 165.56 WARN
r-devel-windows-ix86+x86_64 0.1.0 13.00 151.00 164.00 OK
r-devel-windows-ix86+x86_64-gcc8 0.1.0 15.00 182.00 197.00 OK
r-patched-linux-x86_64 0.1.0 4.36 127.04 131.40 WARN
r-patched-solaris-x86 0.1.0 221.10 WARN
r-release-linux-x86_64 0.1.0 4.49 127.56 132.05 OK
r-release-windows-ix86+x86_64 0.1.0 7.00 130.00 137.00 OK
r-release-osx-x86_64 0.1.0 OK
r-oldrel-windows-ix86+x86_64 0.1.0 7.00 134.00 141.00 OK
r-oldrel-osx-x86_64 0.1.0 OK

Check Details

Version: 0.1.0
Check: Rd \usage sections
Result: WARN
    Documented arguments not in \usage in documentation object 'gran_obs':
     '...'
    
    Functions with \usage entries need to have the appropriate \alias
    entries, and all their arguments documented.
    The \usage entries must correspond to syntactically valid R code.
    See chapter 'Writing R documentation files' in the 'Writing R
    Extensions' manual.
Flavors: r-devel-linux-x86_64-debian-clang, r-devel-linux-x86_64-debian-gcc, r-devel-linux-x86_64-fedora-clang, r-devel-linux-x86_64-fedora-gcc, r-patched-linux-x86_64, r-patched-solaris-x86