CRAN Package Check Results for Package gsalib

Last updated on 2020-02-15 01:01:26 CET.

Flavor Version Tinstall Tcheck Ttotal Status Flags
r-devel-linux-x86_64-debian-clang 2.1 2.08 17.40 19.48 NOTE
r-devel-linux-x86_64-debian-gcc 2.1 1.59 14.17 15.76 NOTE
r-devel-linux-x86_64-fedora-clang 2.1 24.15 NOTE
r-devel-linux-x86_64-fedora-gcc 2.1 23.34 NOTE
r-devel-windows-ix86+x86_64 2.1 5.00 31.00 36.00 NOTE
r-devel-windows-ix86+x86_64-gcc8 2.1 6.00 37.00 43.00 NOTE
r-patched-linux-x86_64 2.1 1.52 16.37 17.89 NOTE
r-patched-solaris-x86 2.1 34.60 NOTE
r-release-linux-x86_64 2.1 1.40 16.39 17.79 NOTE
r-release-windows-ix86+x86_64 2.1 4.00 36.00 40.00 NOTE
r-release-osx-x86_64 2.1 NOTE
r-oldrel-windows-ix86+x86_64 2.1 2.00 25.00 27.00 NOTE
r-oldrel-osx-x86_64 2.1 NOTE

Check Details

Version: 2.1
Check: R code for possible problems
Result: NOTE
    .gsa.assignGATKTableToEnvironment: no visible global function
     definition for 'type.convert'
    Undefined global functions or variables:
     type.convert
    Consider adding
     importFrom("utils", "type.convert")
    to your NAMESPACE file.
Flavors: r-devel-linux-x86_64-debian-clang, r-devel-linux-x86_64-debian-gcc, r-devel-linux-x86_64-fedora-clang, r-devel-linux-x86_64-fedora-gcc, r-devel-windows-ix86+x86_64, r-devel-windows-ix86+x86_64-gcc8, r-patched-linux-x86_64, r-patched-solaris-x86, r-release-linux-x86_64, r-release-windows-ix86+x86_64, r-release-osx-x86_64, r-oldrel-windows-ix86+x86_64, r-oldrel-osx-x86_64