CRAN Package Check Results for Package gtsummary

Last updated on 2020-02-15 01:01:26 CET.

Flavor Version Tinstall Tcheck Ttotal Status Flags
r-devel-linux-x86_64-debian-clang 1.2.5 9.70 404.48 414.18 NOTE
r-devel-linux-x86_64-debian-gcc 1.2.5 7.62 295.10 302.72 NOTE
r-devel-linux-x86_64-fedora-clang 1.2.6 226.10 NOTE
r-devel-linux-x86_64-fedora-gcc 1.2.6 480.71 NOTE
r-devel-windows-ix86+x86_64 1.2.4 22.00 304.00 326.00 NOTE
r-devel-windows-ix86+x86_64-gcc8 1.2.4 34.00 384.00 418.00 NOTE
r-patched-linux-x86_64 1.2.6 7.26 353.78 361.04 NOTE
r-patched-solaris-x86 1.2.6 510.60 NOTE
r-release-linux-x86_64 1.2.5 9.00 349.86 358.86 NOTE
r-release-windows-ix86+x86_64 1.2.4 17.00 266.00 283.00 NOTE
r-release-osx-x86_64 1.2.5 NOTE
r-oldrel-windows-ix86+x86_64 1.2.4 9.00 316.00 325.00 NOTE
r-oldrel-osx-x86_64 1.2.5 NOTE

Check Details

Version: 1.2.5
Check: package dependencies
Result: NOTE
    Package suggested but not available for checking: 'gt'
Flavors: r-devel-linux-x86_64-debian-clang, r-devel-linux-x86_64-debian-gcc, r-release-linux-x86_64, r-release-osx-x86_64, r-oldrel-osx-x86_64

Version: 1.2.6
Check: package dependencies
Result: NOTE
    Package suggested but not available for checking: ‘gt’
Flavors: r-devel-linux-x86_64-fedora-clang, r-devel-linux-x86_64-fedora-gcc, r-patched-linux-x86_64, r-patched-solaris-x86

Version: 1.2.4
Check: package dependencies
Result: NOTE
    Package which this enhances but not available for checking: 'gt'
Flavors: r-devel-windows-ix86+x86_64, r-devel-windows-ix86+x86_64-gcc8, r-release-windows-ix86+x86_64, r-oldrel-windows-ix86+x86_64