Last updated on 2020-02-15 01:01:26 CET.
Flavor | Version | Tinstall | Tcheck | Ttotal | Status | Flags |
---|---|---|---|---|---|---|
r-devel-linux-x86_64-debian-clang | 0.1.2 | 12.83 | 67.12 | 79.95 | OK | |
r-devel-linux-x86_64-debian-gcc | 0.1.2 | 10.99 | 57.09 | 68.08 | OK | |
r-devel-linux-x86_64-fedora-clang | 0.1.2 | 85.86 | WARN | |||
r-devel-linux-x86_64-fedora-gcc | 0.1.2 | 82.98 | OK | |||
r-devel-windows-ix86+x86_64 | 0.1.2 | 23.00 | 71.00 | 94.00 | NOTE | |
r-devel-windows-ix86+x86_64-gcc8 | 0.1.2 | 31.00 | 110.00 | 141.00 | NOTE | |
r-patched-linux-x86_64 | 0.1.2 | 11.37 | 67.22 | 78.59 | OK | |
r-patched-solaris-x86 | 0.1.2 | 115.20 | NOTE | |||
r-release-linux-x86_64 | 0.1.2 | 11.68 | 57.29 | 68.97 | OK | |
r-release-windows-ix86+x86_64 | 0.1.2 | 18.00 | 66.00 | 84.00 | NOTE | |
r-release-osx-x86_64 | 0.1.2 | NOTE | ||||
r-oldrel-windows-ix86+x86_64 | 0.1.2 | 12.00 | 65.00 | 77.00 | NOTE | |
r-oldrel-osx-x86_64 | 0.1.2 | NOTE |
Version: 0.1.2
Check: package dependencies
Result: WARN
Requires orphaned package: ‘gplots’
Flavor: r-devel-linux-x86_64-fedora-clang
Version: 0.1.2
Check: installed package size
Result: NOTE
installed size is 9.9Mb
sub-directories of 1Mb or more:
data 9.4Mb
Flavors: r-devel-linux-x86_64-fedora-clang, r-devel-windows-ix86+x86_64, r-devel-windows-ix86+x86_64-gcc8, r-patched-solaris-x86, r-release-windows-ix86+x86_64, r-release-osx-x86_64, r-oldrel-windows-ix86+x86_64, r-oldrel-osx-x86_64