Last updated on 2020-02-15 01:01:26 CET.
Flavor | Version | Tinstall | Tcheck | Ttotal | Status | Flags |
---|---|---|---|---|---|---|
r-devel-linux-x86_64-debian-clang | 0.3.2 | 30.02 | 208.10 | 238.12 | OK | |
r-devel-linux-x86_64-debian-gcc | 0.3.2 | 19.62 | 150.66 | 170.28 | OK | |
r-devel-linux-x86_64-fedora-clang | 0.3.2 | 284.17 | NOTE | |||
r-devel-linux-x86_64-fedora-gcc | 0.3.2 | 271.26 | OK | |||
r-devel-windows-ix86+x86_64 | 0.3.2 | 61.00 | 349.00 | 410.00 | OK | |
r-devel-windows-ix86+x86_64-gcc8 | 0.3.2 | 87.00 | 430.00 | 517.00 | OK | |
r-patched-linux-x86_64 | 0.3.2 | 21.60 | 184.73 | 206.33 | OK | |
r-patched-solaris-x86 | 0.3.2 | 381.30 | OK | |||
r-release-linux-x86_64 | 0.3.2 | 21.77 | 181.14 | 202.91 | OK | |
r-release-windows-ix86+x86_64 | 0.3.2 | 50.00 | 301.00 | 351.00 | OK | |
r-release-osx-x86_64 | 0.3.2 | OK | ||||
r-oldrel-windows-ix86+x86_64 | 0.3.2 | 52.00 | 6.00 | 58.00 | ERROR | |
r-oldrel-osx-x86_64 | 0.3.2 | ERROR |
Version: 0.3.2
Check: package dependencies
Result: NOTE
Suggests orphaned package: ‘flare’
Flavor: r-devel-linux-x86_64-fedora-clang
Version: 0.3.2
Check: package dependencies
Result: ERROR
Package required and available but unsuitable version: 'glmnet'
See section 'The DESCRIPTION file' in the 'Writing R Extensions'
manual.
Flavors: r-oldrel-windows-ix86+x86_64, r-oldrel-osx-x86_64