CRAN Package Check Results for Package heplots

Last updated on 2020-02-15 01:01:26 CET.

Flavor Version Tinstall Tcheck Ttotal Status Flags
r-devel-linux-x86_64-debian-clang 1.3-5 8.63 116.66 125.29 NOTE
r-devel-linux-x86_64-debian-gcc 1.3-5 7.91 85.97 93.88 NOTE
r-devel-linux-x86_64-fedora-clang 1.3-5 164.90 NOTE
r-devel-linux-x86_64-fedora-gcc 1.3-5 146.40 NOTE
r-devel-windows-ix86+x86_64 1.3-5 19.00 164.00 183.00 OK
r-devel-windows-ix86+x86_64-gcc8 1.3-5 26.00 206.00 232.00 NOTE
r-patched-linux-x86_64 1.3-5 7.05 104.33 111.38 NOTE
r-patched-solaris-x86 1.3-5 183.20 NOTE
r-release-linux-x86_64 1.3-5 6.12 102.86 108.98 NOTE
r-release-windows-ix86+x86_64 1.3-5 16.00 140.00 156.00 OK
r-release-osx-x86_64 1.3-5 NOTE
r-oldrel-windows-ix86+x86_64 1.3-5 9.00 133.00 142.00 OK
r-oldrel-osx-x86_64 1.3-5 OK

Check Details

Version: 1.3-5
Check: package dependencies
Result: NOTE
    Package suggested but not available for checking: 'FRB'
Flavors: r-devel-linux-x86_64-debian-clang, r-devel-linux-x86_64-debian-gcc, r-devel-linux-x86_64-fedora-gcc, r-devel-windows-ix86+x86_64-gcc8, r-patched-linux-x86_64, r-patched-solaris-x86, r-release-linux-x86_64

Version: 1.3-5
Check: package dependencies
Result: NOTE
    Package suggested but not available for checking: ‘FRB’
    
    Suggests orphaned package: ‘gplots’
Flavor: r-devel-linux-x86_64-fedora-clang

Version: 1.3-5
Check: package dependencies
Result: NOTE
    Packages suggested but not available for checking: 'rgl', 'FRB'
Flavor: r-release-osx-x86_64