Last updated on 2020-02-15 01:01:26 CET.
Flavor | Version | Tinstall | Tcheck | Ttotal | Status | Flags |
---|---|---|---|---|---|---|
r-devel-linux-x86_64-debian-clang | 0.0.1 | 24.51 | 79.07 | 103.58 | OK | |
r-devel-linux-x86_64-debian-gcc | 0.0.1 | 17.80 | 61.19 | 78.99 | OK | |
r-devel-linux-x86_64-fedora-clang | 0.0.1 | 129.04 | NOTE | |||
r-devel-linux-x86_64-fedora-gcc | 0.0.1 | 127.50 | NOTE | |||
r-devel-windows-ix86+x86_64 | 0.0.1 | 51.00 | 122.00 | 173.00 | OK | |
r-devel-windows-ix86+x86_64-gcc8 | 0.0.1 | 74.00 | 159.00 | 233.00 | OK | |
r-patched-linux-x86_64 | 0.0.1 | 21.39 | 69.32 | 90.71 | OK | |
r-patched-solaris-x86 | 0.0.1 | 161.40 | NOTE | |||
r-release-linux-x86_64 | 0.0.1 | 19.50 | 70.44 | 89.94 | OK | |
r-release-windows-ix86+x86_64 | 0.0.1 | 43.00 | 104.00 | 147.00 | OK | |
r-release-osx-x86_64 | 0.0.1 | NOTE | ||||
r-oldrel-windows-ix86+x86_64 | 0.0.1 | 37.00 | 175.00 | 212.00 | OK | |
r-oldrel-osx-x86_64 | 0.0.1 | NOTE |
Version: 0.0.1
Check: dependencies in R code
Result: NOTE
Namespace in Imports field not imported from: ‘MASS’
All declared Imports should be used.
Flavors: r-devel-linux-x86_64-fedora-clang, r-devel-linux-x86_64-fedora-gcc, r-patched-solaris-x86, r-release-osx-x86_64, r-oldrel-osx-x86_64