CRAN Package Check Results for Package humaniformat

Last updated on 2020-02-15 01:01:27 CET.

Flavor Version Tinstall Tcheck Ttotal Status Flags
r-devel-linux-x86_64-debian-clang 0.6.0 42.61 29.19 71.80 OK
r-devel-linux-x86_64-debian-gcc 0.6.0 25.07 22.69 47.76 OK
r-devel-linux-x86_64-fedora-clang 0.6.0 97.01 NOTE
r-devel-linux-x86_64-fedora-gcc 0.6.0 90.36 NOTE
r-devel-windows-ix86+x86_64 0.6.0 85.00 65.00 150.00 OK
r-devel-windows-ix86+x86_64-gcc8 0.6.0 124.00 93.00 217.00 OK
r-patched-linux-x86_64 0.6.0 31.01 26.34 57.35 OK
r-patched-solaris-x86 0.6.0 91.90 OK
r-release-linux-x86_64 0.6.0 30.79 26.48 57.27 OK
r-release-windows-ix86+x86_64 0.6.0 77.00 62.00 139.00 OK
r-release-osx-x86_64 0.6.0 OK
r-oldrel-windows-ix86+x86_64 0.6.0 71.00 75.00 146.00 OK
r-oldrel-osx-x86_64 0.6.0 OK

Check Details

Version: 0.6.0
Check: compiled code
Result: NOTE
    File ‘humaniformat/libs/humaniformat.so’:
     Found no calls to: ‘R_registerRoutines’, ‘R_useDynamicSymbols’
    
    It is good practice to register native routines and to disable symbol
    search.
    
    See ‘Writing portable packages’ in the ‘Writing R Extensions’ manual.
Flavors: r-devel-linux-x86_64-fedora-clang, r-devel-linux-x86_64-fedora-gcc