Last updated on 2020-02-15 01:01:27 CET.
Flavor | Version | Tinstall | Tcheck | Ttotal | Status | Flags |
---|---|---|---|---|---|---|
r-devel-linux-x86_64-debian-clang | 0.1.5 | 1.91 | 25.37 | 27.28 | OK | |
r-devel-linux-x86_64-debian-gcc | 0.1.5 | 1.81 | 20.34 | 22.15 | OK | |
r-devel-linux-x86_64-fedora-clang | 0.1.5 | 35.15 | OK | |||
r-devel-linux-x86_64-fedora-gcc | 0.1.5 | 34.55 | OK | |||
r-devel-windows-ix86+x86_64 | 0.1.5 | 6.00 | 37.00 | 43.00 | OK | |
r-devel-windows-ix86+x86_64-gcc8 | 0.1.5 | 8.00 | 55.00 | 63.00 | OK | |
r-patched-linux-x86_64 | 0.1.5 | 1.63 | 23.43 | 25.06 | OK | |
r-patched-solaris-x86 | 0.1.5 | 44.90 | OK | |||
r-release-linux-x86_64 | 0.1.5 | 1.45 | 23.16 | 24.61 | OK | |
r-release-windows-ix86+x86_64 | 0.1.5 | 4.00 | 37.00 | 41.00 | OK | |
r-release-osx-x86_64 | 0.1.5 | OK | ||||
r-oldrel-windows-ix86+x86_64 | 0.1.5 | 3.00 | 31.00 | 34.00 | WARN | |
r-oldrel-osx-x86_64 | 0.1.5 | OK |
Version: 0.1.5
Check: whether package can be installed
Result: WARN
Found the following significant warnings:
Warning: unable to re-encode 'data.R' line 27
Flavor: r-oldrel-windows-ix86+x86_64