Last updated on 2020-02-15 01:01:27 CET.
Flavor | Version | Tinstall | Tcheck | Ttotal | Status | Flags |
---|---|---|---|---|---|---|
r-devel-linux-x86_64-debian-clang | 2.0.4 | 19.52 | 87.00 | 106.52 | OK | |
r-devel-linux-x86_64-debian-gcc | 2.0.4 | 13.05 | 68.49 | 81.54 | OK | |
r-devel-linux-x86_64-fedora-clang | 2.0.4 | 130.85 | OK | |||
r-devel-linux-x86_64-fedora-gcc | 2.0.4 | 127.81 | OK | |||
r-devel-windows-ix86+x86_64 | 2.0.4 | 57.00 | 105.00 | 162.00 | OK | |
r-devel-windows-ix86+x86_64-gcc8 | 2.0.4 | 69.00 | 141.00 | 210.00 | NOTE | |
r-patched-linux-x86_64 | 2.0.4 | 14.36 | 78.95 | 93.31 | OK | |
r-patched-solaris-x86 | 2.0.4 | 109.50 | OK | |||
r-release-linux-x86_64 | 2.0.4 | 14.86 | 78.63 | 93.49 | OK | |
r-release-windows-ix86+x86_64 | 2.0.4 | 47.00 | 93.00 | 140.00 | OK | |
r-release-osx-x86_64 | 2.0.4 | NOTE | ||||
r-oldrel-windows-ix86+x86_64 | 2.0.4 | 41.00 | 93.00 | 134.00 | OK | |
r-oldrel-osx-x86_64 | 2.0.4 | NOTE |
Version: 2.0.4
Check: installed package size
Result: NOTE
installed size is 5.3Mb
sub-directories of 1Mb or more:
libs 3.5Mb
Flavors: r-devel-windows-ix86+x86_64-gcc8, r-release-osx-x86_64, r-oldrel-osx-x86_64