CRAN Package Check Results for Package irtoys

Last updated on 2020-02-15 01:01:27 CET.

Flavor Version Tinstall Tcheck Ttotal Status Flags
r-devel-linux-x86_64-debian-clang 0.2.1 12.82 97.40 110.22 NOTE
r-devel-linux-x86_64-debian-gcc 0.2.1 9.66 73.39 83.05 NOTE
r-devel-linux-x86_64-fedora-clang 0.2.1 133.13 OK
r-devel-linux-x86_64-fedora-gcc 0.2.1 129.71 OK
r-devel-windows-ix86+x86_64 0.2.1 21.00 144.00 165.00 NOTE
r-devel-windows-ix86+x86_64-gcc8 0.2.1 34.00 194.00 228.00 NOTE
r-patched-linux-x86_64 0.2.1 9.86 85.97 95.83 OK
r-patched-solaris-x86 0.2.1 176.30 OK
r-release-linux-x86_64 0.2.1 10.84 87.81 98.65 OK
r-release-windows-ix86+x86_64 0.2.1 19.00 131.00 150.00 OK
r-release-osx-x86_64 0.2.1 FAIL
r-oldrel-windows-ix86+x86_64 0.2.1 14.00 175.00 189.00 OK
r-oldrel-osx-x86_64 0.2.1 OK

Check Details

Version: 0.2.1
Check: package vignettes
Result: NOTE
    Package vignette with placeholder title 'Vignette Title':
     'irtoys-vignette.Rmd'
Flavors: r-devel-linux-x86_64-debian-clang, r-devel-linux-x86_64-debian-gcc, r-devel-windows-ix86+x86_64, r-devel-windows-ix86+x86_64-gcc8

Version: 0.2.1
Check: whether package can be installed
Result: FAIL
Flavor: r-release-osx-x86_64