CRAN Package Check Results for Package irtrees

Last updated on 2020-02-15 01:01:27 CET.

Flavor Version Tinstall Tcheck Ttotal Status Flags
r-devel-linux-x86_64-debian-clang 0.1.0 2.01 18.69 20.70 NOTE
r-devel-linux-x86_64-debian-gcc 0.1.0 1.41 14.98 16.39 NOTE
r-devel-linux-x86_64-fedora-clang 0.1.0 25.94 NOTE
r-devel-linux-x86_64-fedora-gcc 0.1.0 25.11 NOTE
r-devel-windows-ix86+x86_64 0.1.0 5.00 34.00 39.00 NOTE
r-devel-windows-ix86+x86_64-gcc8 0.1.0 6.00 45.00 51.00 NOTE
r-patched-linux-x86_64 0.1.0 1.58 17.23 18.81 NOTE
r-patched-solaris-x86 0.1.0 37.50 NOTE
r-release-linux-x86_64 0.1.0 1.56 17.19 18.75 NOTE
r-release-windows-ix86+x86_64 0.1.0 3.00 33.00 36.00 NOTE
r-release-osx-x86_64 0.1.0 NOTE
r-oldrel-windows-ix86+x86_64 0.1.0 2.00 39.00 41.00 NOTE
r-oldrel-osx-x86_64 0.1.0 NOTE

Check Details

Version: 0.1.0
Check: R code for possible problems
Result: NOTE
    dendrify: no visible binding for global variable 'item'
    dendrify: no visible binding for global variable 'node'
    dendrify: no visible binding for global variable 'value'
    exogenize: no visible binding for global variable 'item'
    Undefined global functions or variables:
     item node value
Flavors: r-devel-linux-x86_64-debian-clang, r-devel-linux-x86_64-debian-gcc, r-devel-linux-x86_64-fedora-clang, r-devel-linux-x86_64-fedora-gcc, r-devel-windows-ix86+x86_64, r-devel-windows-ix86+x86_64-gcc8, r-patched-linux-x86_64, r-patched-solaris-x86, r-release-linux-x86_64, r-release-windows-ix86+x86_64, r-release-osx-x86_64, r-oldrel-windows-ix86+x86_64, r-oldrel-osx-x86_64