CRAN Package Check Results for Package isocat

Last updated on 2020-02-15 01:01:27 CET.

Flavor Version Tinstall Tcheck Ttotal Status Flags
r-devel-linux-x86_64-debian-clang 0.2.4 9.12 107.19 116.31 OK
r-devel-linux-x86_64-debian-gcc 0.2.4 7.89 78.95 86.84 OK
r-devel-linux-x86_64-fedora-clang 0.2.4 153.38 NOTE
r-devel-linux-x86_64-fedora-gcc 0.2.4 133.23 NOTE
r-devel-windows-ix86+x86_64 0.2.4 18.00 117.00 135.00 OK
r-devel-windows-ix86+x86_64-gcc8 0.2.4 24.00 150.00 174.00 OK
r-patched-linux-x86_64 0.2.4 7.94 91.86 99.80 OK
r-patched-solaris-x86 0.2.4 167.30 NOTE
r-release-linux-x86_64 0.2.4 7.00 91.70 98.70 OK
r-release-windows-ix86+x86_64 0.2.4 14.00 105.00 119.00 OK
r-release-osx-x86_64 0.2.4 NOTE
r-oldrel-windows-ix86+x86_64 0.2.4 8.00 98.00 106.00 OK
r-oldrel-osx-x86_64 0.2.4 NOTE

Check Details

Version: 0.2.4
Check: dependencies in R code
Result: NOTE
    Namespace in Imports field not imported from: ‘dplyr’
     All declared Imports should be used.
Flavors: r-devel-linux-x86_64-fedora-clang, r-devel-linux-x86_64-fedora-gcc, r-patched-solaris-x86, r-release-osx-x86_64, r-oldrel-osx-x86_64