Last updated on 2020-02-15 01:01:28 CET.
Flavor | Version | Tinstall | Tcheck | Ttotal | Status | Flags |
---|---|---|---|---|---|---|
r-devel-linux-x86_64-debian-clang | 1.0.1 | 2.95 | 29.44 | 32.39 | NOTE | |
r-devel-linux-x86_64-debian-gcc | 1.0.1 | 2.46 | 22.63 | 25.09 | NOTE | |
r-devel-linux-x86_64-fedora-clang | 1.0.1 | 39.56 | NOTE | |||
r-devel-linux-x86_64-fedora-gcc | 1.0.1 | 39.01 | NOTE | |||
r-devel-windows-ix86+x86_64 | 1.0.1 | 6.00 | 46.00 | 52.00 | NOTE | |
r-devel-windows-ix86+x86_64-gcc8 | 1.0.1 | 8.00 | 63.00 | 71.00 | NOTE | |
r-patched-linux-x86_64 | 1.0.1 | 2.71 | 26.85 | 29.56 | NOTE | |
r-patched-solaris-x86 | 1.0.1 | 51.70 | NOTE | |||
r-release-linux-x86_64 | 1.0.1 | 2.31 | 27.24 | 29.55 | NOTE | |
r-release-windows-ix86+x86_64 | 1.0.1 | 4.00 | 45.00 | 49.00 | NOTE | |
r-release-osx-x86_64 | 1.0.1 | NOTE | ||||
r-oldrel-windows-ix86+x86_64 | 1.0.1 | 4.00 | 59.00 | 63.00 | NOTE | |
r-oldrel-osx-x86_64 | 1.0.1 | NOTE |
Version: 1.0.1
Check: R code for possible problems
Result: NOTE
boxplot.james: no visible global function definition for 'mtext'
getBestSolutionValues.james : <anonymous>: no visible global function
definition for 'tail'
isMinimizing: no visible global function definition for 'head'
isMinimizing: no visible global function definition for 'tail'
mergeJAMES.james: no visible global function definition for 'glob2rx'
plotConvergence.james : <anonymous> : <anonymous>: no visible global
function definition for 'tail'
plotConvergence.james: no visible global function definition for 'tail'
plotConvergence.james: no visible global function definition for 'head'
plotConvergence.james : <anonymous>: no visible global function
definition for 'tail'
plotConvergence.james: no visible global function definition for
'matplot'
plotConvergence.james: no visible global function definition for
'mtext'
summary.james: no visible global function definition for 'sd'
summary.james: no visible global function definition for 'median'
summary.james: no visible global function definition for 'IQR'
Undefined global functions or variables:
IQR glob2rx head matplot median mtext sd tail
Consider adding
importFrom("graphics", "matplot", "mtext")
importFrom("stats", "IQR", "median", "sd")
importFrom("utils", "glob2rx", "head", "tail")
to your NAMESPACE file.
Flavors: r-devel-linux-x86_64-debian-clang, r-devel-linux-x86_64-debian-gcc, r-devel-linux-x86_64-fedora-clang, r-devel-linux-x86_64-fedora-gcc, r-devel-windows-ix86+x86_64, r-devel-windows-ix86+x86_64-gcc8, r-patched-linux-x86_64, r-patched-solaris-x86, r-release-linux-x86_64, r-release-windows-ix86+x86_64, r-release-osx-x86_64, r-oldrel-windows-ix86+x86_64, r-oldrel-osx-x86_64