CRAN Package Check Results for Package kdtools

Last updated on 2020-02-15 01:01:28 CET.

Flavor Version Tinstall Tcheck Ttotal Status Flags
r-devel-linux-x86_64-debian-clang 0.4.1 216.13 133.62 349.75 OK
r-devel-linux-x86_64-debian-gcc 0.4.1 77.07 86.91 163.98 OK
r-devel-linux-x86_64-fedora-clang 0.4.1 283.62 NOTE
r-devel-linux-x86_64-fedora-gcc 0.4.1 283.88 OK
r-devel-windows-ix86+x86_64 0.4.1 166.00 166.00 332.00 NOTE
r-devel-windows-ix86+x86_64-gcc8 0.4.1 205.00 219.00 424.00 NOTE
r-patched-linux-x86_64 0.4.1 76.03 106.03 182.06 OK
r-patched-solaris-x86 0.4.1 360.30 OK
r-release-linux-x86_64 0.4.1 77.43 105.23 182.66 OK
r-release-windows-ix86+x86_64 0.4.1 160.00 147.00 307.00 NOTE
r-release-osx-x86_64 0.4.1 NOTE
r-oldrel-windows-ix86+x86_64 0.4.1 160.00 164.00 324.00 NOTE
r-oldrel-osx-x86_64 0.4.1 NOTE

Check Details

Version: 0.4.1
Check: installed package size
Result: NOTE
     installed size is 16.5Mb
     sub-directories of 1Mb or more:
     doc 1.3Mb
     libs 14.8Mb
Flavors: r-devel-linux-x86_64-fedora-clang, r-devel-windows-ix86+x86_64, r-devel-windows-ix86+x86_64-gcc8, r-release-windows-ix86+x86_64, r-release-osx-x86_64, r-oldrel-windows-ix86+x86_64, r-oldrel-osx-x86_64