Last updated on 2020-02-15 01:01:28 CET.
Flavor | Version | Tinstall | Tcheck | Ttotal | Status | Flags |
---|---|---|---|---|---|---|
r-devel-linux-x86_64-debian-clang | 1.4.2 | 135.94 | 322.41 | 458.35 | OK | |
r-devel-linux-x86_64-debian-gcc | 1.4.2 | 95.76 | 250.08 | 345.84 | OK | |
r-devel-linux-x86_64-fedora-clang | 1.4.2 | 570.04 | NOTE | |||
r-devel-linux-x86_64-fedora-gcc | 1.4.2 | 547.78 | OK | |||
r-devel-windows-ix86+x86_64 | 1.4.2 | 253.00 | 540.00 | 793.00 | OK | |
r-devel-windows-ix86+x86_64-gcc8 | 1.4.2 | 348.00 | 667.00 | 1015.00 | OK | |
r-patched-linux-x86_64 | 1.4.2 | 106.82 | 285.83 | 392.65 | OK | |
r-patched-solaris-x86 | 1.4.2 | 615.80 | OK | |||
r-release-linux-x86_64 | 1.4.2 | 101.74 | 288.89 | 390.63 | OK | |
r-release-windows-ix86+x86_64 | 1.4.2 | 237.00 | 466.00 | 703.00 | OK | |
r-release-osx-x86_64 | 1.4.2 | NOTE | ||||
r-oldrel-windows-ix86+x86_64 | 1.4.2 | 234.00 | 467.00 | 701.00 | OK | |
r-oldrel-osx-x86_64 | 1.4.2 | NOTE |
Version: 1.4.2
Check: installed package size
Result: NOTE
installed size is 5.5Mb
sub-directories of 1Mb or more:
libs 3.2Mb
Flavors: r-devel-linux-x86_64-fedora-clang, r-release-osx-x86_64, r-oldrel-osx-x86_64